04-09 15:01:20.853: D/dalvikvm(1462): GC_EXTERNAL_ALLOC freed 15K, 53% free 2914K/6087K, external 3308K/3394K, paused 31ms
04-09 15:01:21.525: W/KeyCharacterMap(3683): No keyboard for id 0
04-09 15:01:21.525: W/KeyCharacterMap(3683): Using default keymap: /system/usr/keychars/qwerty.kcm.bin
04-09 15:01:22.853: D/dalvikvm(1386): GC_CONCURRENT freed 1497K, 59% free 5253K/12679K, external 3636K/4541K, paused 7ms+11ms
04-09 15:01:41.829: I/WindowManager(1386): Setting rotation to 3, animFlags=0
04-09 15:01:41.845: I/ActivityManager(1386): Config changed: { scale=1.0 imsi=0/0 loc=en_US touch=3 keys=1/1/2 nav=1/1 orien=2 layout=268435491 uiMode=17 seq=31}
04-09 15:01:41.861: D/LatinKeyboard(1462): Setting IME options
04-09 15:01:42.064: D/LatinKeyboard(1462): Setting IME options
04-09 15:01:42.087: D/IconMerger(1453): sum of notifications: 0
04-09 15:01:42.095: D/LatinKeyboard(1462): Setting IME options
04-09 15:01:42.181: D/dalvikvm(1462): GC_EXTERNAL_ALLOC freed 166K, 52% free 2936K/6087K, external 3145K/3394K, paused 36ms
04-09 15:01:42.244: D/dalvikvm(1462): GC_EXTERNAL_ALLOC freed 22K, 53% free 2914K/6087K, external 3139K/3920K, paused 25ms
04-09 15:01:44.322: D/dalvikvm(1386): GC_EXPLICIT freed 390K, 59% free 5241K/12679K, external 3636K/4541K, paused 50ms
04-09 15:01:50.275: D/dalvikvm(1386): GC_CONCURRENT freed 1478K, 59% free 5312K/12679K, external 3636K/4541K, paused 7ms+11ms
04-09 15:01:50.579: D/dalvikvm(1386): GC_CONCURRENT freed 1592K, 59% free 5287K/12679K, external 3636K/4541K, paused 7ms+3ms
04-09 15:01:50.704: D/dalvikvm(1386): GC_CONCURRENT freed 1547K, 59% free 5297K/12679K, external 3636K/4541K, paused 2ms+4ms
04-09 15:01:50.829: D/dalvikvm(1386): GC_CONCURRENT freed 1539K, 59% free 5321K/12679K, external 3636K/4541K, paused 2ms+4ms
04-09 15:01:50.954: D/dalvikvm(1386): GC_CONCURRENT freed 1578K, 59% free 5305K/12679K, external 3636K/4541K, paused 2ms+3ms
04-09 15:01:51.087: D/dalvikvm(1386): GC_CONCURRENT freed 1583K, 59% free 5287K/12679K, external 3636K/4541K, paused 3ms+4ms
04-09 15:01:51.204: D/dalvikvm(1386): GC_CONCURRENT freed 1559K, 59% free 5288K/12679K, external 3636K/4541K, paused 2ms+3ms
04-09 15:01:51.306: D/dalvikvm(1386): GC_CONCURRENT freed 1557K, 59% free 5291K/12679K, external 3636K/4541K, paused 2ms+4ms
04-09 15:01:51.408: D/dalvikvm(1386): GC_CONCURRENT freed 1583K, 59% free 5261K/12679K, external 3636K/4541K, paused 2ms+4ms
04-09 15:01:51.470: D/dalvikvm(1386): GC_CONCURRENT freed 1528K, 59% free 5281K/12679K, external 3636K/4541K, paused 2ms+4ms
04-09 15:01:58.087: D/dalvikvm(1386): GC_CONCURRENT freed 1479K, 59% free 5243K/12679K, external 3636K/4541K, paused 2ms+4ms
04-09 15:01:58.681: V/DeviceStorageMonitorService(1386): mTotalMemory is 11734999
04-09 15:02:51.603: D/dalvikvm(1386): GC_CONCURRENT freed 1505K, 59% free 5282K/12679K, external 3636K/4541K, paused 2ms+4ms
04-09 15:02:51.736: D/dalvikvm(1386): GC_CONCURRENT freed 1549K, 59% free 5285K/12679K, external 3636K/4541K, paused 2ms+3ms
04-09 15:02:51.869: D/dalvikvm(1386): GC_CONCURRENT freed 1526K, 59% free 5309K/12679K, external 3636K/4541K, paused 3ms+3ms
04-09 15:02:52.181: D/dalvikvm(1386): GC_CONCURRENT freed 1583K, 59% free 5291K/12679K, external 3636K/4541K, paused 7ms+10ms
04-09 15:02:52.548: D/dalvikvm(1386): GC_CONCURRENT freed 1561K, 59% free 5291K/12679K, external 3636K/4541K, paused 7ms+11ms
04-09 15:02:52.923: D/dalvikvm(1386): GC_CONCURRENT freed 1561K, 59% free 5292K/12679K, external 3636K/4541K, paused 6ms+10ms
04-09 15:02:53.314: D/dalvikvm(1386): GC_CONCURRENT freed 1562K, 59% free 5291K/12679K, external 3636K/4541K, paused 7ms+10ms
04-09 15:02:53.673: D/dalvikvm(1386): GC_CONCURRENT freed 1553K, 59% free 5287K/12679K, external 3636K/4541K, paused 6ms+10ms
04-09 15:02:53.884: D/dalvikvm(1386): GC_CONCURRENT freed 1565K, 59% free 5279K/12679K, external 3636K/4541K, paused 2ms+3ms
04-09 15:02:53.962: D/dalvikvm(1386): GC_CONCURRENT freed 1528K, 59% free 5294K/12679K, external 3636K/4541K, paused 2ms+3ms
04-09 15:02:54.025: D/dalvikvm(1386): GC_CONCURRENT freed 1533K, 59% free 5310K/12679K, external 3636K/4541K, paused 3ms+3ms
04-09 15:02:58.681: V/DeviceStorageMonitorService(1386): mTotalMemory is 11734999
04-09 15:03:28.642: I/ChargeProtectionService(1386): Battery discharging, resuming charging
04-09 15:03:54.173: D/dalvikvm(1386): GC_CONCURRENT freed 1584K, 59% free 5290K/12679K, external 3636K/4541K, paused 3ms+4ms
04-09 15:03:54.283: D/dalvikvm(1386): GC_CONCURRENT freed 1548K, 59% free 5303K/12679K, external 3636K/4541K, paused 2ms+4ms
04-09 15:03:54.415: D/dalvikvm(1386): GC_CONCURRENT freed 1569K, 59% free 5299K/12679K, external 3636K/4541K, paused 2ms+4ms
04-09 15:03:54.540: D/dalvikvm(1386): GC_CONCURRENT freed 1563K, 59% free 5299K/12679K, external 3636K/4541K, paused 3ms+4ms
04-09 15:03:54.665: D/dalvikvm(1386): GC_CONCURRENT freed 1555K, 59% free 5301K/12679K, external 3636K/4541K, paused 2ms+3ms
04-09 15:03:54.790: D/dalvikvm(1386): GC_CONCURRENT freed 1565K, 59% free 5300K/12679K, external 3636K/4541K, paused 3ms+4ms
04-09 15:03:54.915: D/dalvikvm(1386): GC_CONCURRENT freed 1564K, 59% free 5298K/12679K, external 3636K/4541K, paused 2ms+3ms
04-09 15:03:55.040: D/dalvikvm(1386): GC_CONCURRENT freed 1563K, 59% free 5299K/12679K, external 3636K/4541K, paused 2ms+4ms
04-09 15:03:55.134: D/dalvikvm(1386): GC_CONCURRENT freed 1558K, 59% free 5303K/12679K, external 3636K/4541K, paused 3ms+4ms
04-09 15:03:55.220: D/dalvikvm(1386): GC_CONCURRENT freed 1569K, 59% free 5298K/12679K, external 3636K/4541K, paused 3ms+4ms
04-09 15:03:55.290: D/dalvikvm(1386): GC_CONCURRENT freed 1545K, 59% free 5301K/12679K, external 3636K/4541K, paused 2ms+3ms
04-09 15:03:58.681: V/DeviceStorageMonitorService(1386): mTotalMemory is 11734999
04-09 15:04:24.087: D/dalvikvm(1386): GC_CONCURRENT freed 1525K, 59% free 5258K/12679K, external 3636K/4541K, paused 7ms+4ms
04-09 15:04:55.470: D/dalvikvm(1386): GC_CONCURRENT freed 1489K, 59% free 5321K/12679K, external 3636K/4541K, paused 2ms+4ms
04-09 15:04:55.595: D/dalvikvm(1386): GC_CONCURRENT freed 1586K, 59% free 5303K/12679K, external 3636K/4541K, paused 3ms+3ms
04-09 15:04:55.720: D/dalvikvm(1386): GC_CONCURRENT freed 1572K, 59% free 5280K/12679K, external 3636K/4541K, paused 2ms+4ms
04-09 15:04:55.845: D/dalvikvm(1386): GC_CONCURRENT freed 1535K, 59% free 5303K/12679K, external 3636K/4541K, paused 2ms+4ms
04-09 15:04:55.970: D/dalvikvm(1386): GC_CONCURRENT freed 1564K, 59% free 5304K/12679K, external 3636K/4541K, paused 2ms+3ms
04-09 15:04:56.314: D/dalvikvm(1386): GC_CONCURRENT freed 1563K, 59% free 5304K/12679K, external 3636K/4541K, paused 7ms+11ms
04-09 15:04:56.650: D/dalvikvm(1386): GC_CONCURRENT freed 1565K, 59% free 5304K/12679K, external 3636K/4541K, paused 7ms+3ms
04-09 15:04:56.759: D/dalvikvm(1386): GC_CONCURRENT freed 1539K, 59% free 5324K/12679K, external 3636K/4541K, paused 2ms+4ms
04-09 15:04:56.869: D/dalvikvm(1386): GC_CONCURRENT freed 1567K, 58% free 5325K/12679K, external 3636K/4541K, paused 2ms+4ms
04-09 15:04:56.931: D/dalvikvm(1386): GC_CONCURRENT freed 1562K, 59% free 5322K/12679K, external 3636K/4541K, paused 2ms+3ms
04-09 15:04:57.009: D/dalvikvm(1386): GC_CONCURRENT freed 1593K, 59% free 5283K/12679K, external 3636K/4541K, paused 2ms+3ms
04-09 15:04:58.697: V/DeviceStorageMonitorService(1386): mTotalMemory is 11734999
04-09 15:05:57.244: D/dalvikvm(1386): GC_CONCURRENT freed 1510K, 58% free 5327K/12679K, external 3636K/4541K, paused 7ms+12ms
04-09 15:05:57.572: D/dalvikvm(1386): GC_CONCURRENT freed 1554K, 58% free 5342K/12679K, external 3636K/4541K, paused 7ms+4ms
04-09 15:05:57.704: D/dalvikvm(1386): GC_CONCURRENT freed 1609K, 59% free 5306K/12679K, external 3636K/4541K, paused 2ms+4ms
04-09 15:05:57.837: D/dalvikvm(1386): GC_CONCURRENT freed 1565K, 59% free 5306K/12679K, external 3636K/4541K, paused 2ms+4ms
04-09 15:05:57.962: D/dalvikvm(1386): GC_CONCURRENT freed 1565K, 59% free 5306K/12679K, external 3636K/4541K, paused 2ms+4ms
04-09 15:05:58.087: D/dalvikvm(1386): GC_CONCURRENT freed 1547K, 59% free 5325K/12679K, external 3636K/4541K, paused 3ms+4ms
04-09 15:05:58.212: D/dalvikvm(1386): GC_CONCURRENT freed 1589K, 59% free 5306K/12679K, external 3636K/4541K, paused 2ms+3ms
04-09 15:05:58.337: D/dalvikvm(1386): GC_CONCURRENT freed 1588K, 59% free 5282K/12679K, external 3636K/4541K, paused 2ms+3ms
04-09 15:05:58.439: D/dalvikvm(1386): GC_CONCURRENT freed 1514K, 58% free 5328K/12679K, external 3636K/4541K, paused 2ms+4ms
04-09 15:05:58.517: D/dalvikvm(1386): GC_CONCURRENT freed 1611K, 59% free 5284K/12679K, external 3636K/4541K, paused 2ms+4ms
04-09 15:05:58.595: D/dalvikvm(1386): GC_CONCURRENT freed 1517K, 59% free 5324K/12679K, external 3636K/4541K, paused 3ms+4ms
04-09 15:05:58.697: V/DeviceStorageMonitorService(1386): mTotalMemory is 11734999
04-09 15:06:55.072: D/dalvikvm(1386): GC_CONCURRENT freed 1558K, 59% free 5274K/12679K, external 3636K/4541K, paused 7ms+11ms
04-09 15:06:55.408: I/WindowManager(1386): Setting rotation to 0, animFlags=0
04-09 15:06:55.423: I/ActivityManager(1386): Config changed: { scale=1.0 imsi=0/0 loc=en_US touch=3 keys=1/1/2 nav=1/1 orien=1 layout=268435491 uiMode=17 seq=32}
04-09 15:06:55.431: D/LatinKeyboard(1462): Setting IME options
04-09 15:06:55.697: D/LatinKeyboard(1462): Setting IME options
04-09 15:06:55.704: D/IconMerger(1453): sum of notifications: 0
04-09 15:06:55.837: D/LatinKeyboard(1462): Setting IME options
04-09 15:06:55.923: D/dalvikvm(1462): GC_EXTERNAL_ALLOC freed 137K, 52% free 2935K/6087K, external 3571K/4155K, paused 35ms
04-09 15:06:58.017: D/dalvikvm(1386): GC_EXPLICIT freed 37K, 59% free 5244K/12679K, external 3636K/4541K, paused 47ms
04-09 15:06:58.697: V/DeviceStorageMonitorService(1386): mTotalMemory is 11734999
04-09 15:06:58.767: D/dalvikvm(1386): GC_CONCURRENT freed 1481K, 59% free 5311K/12679K, external 3636K/4541K, paused 2ms+3ms
04-09 15:06:59.064: D/dalvikvm(1386): GC_CONCURRENT freed 1572K, 59% free 5306K/12679K, external 3636K/4541K, paused 7ms+11ms
04-09 15:06:59.408: D/dalvikvm(1386): GC_CONCURRENT freed 1530K, 58% free 5340K/12679K, external 3636K/4541K, paused 7ms+4ms
04-09 15:06:59.533: D/dalvikvm(1386): GC_CONCURRENT freed 1608K, 59% free 5306K/12679K, external 3636K/4541K, paused 2ms+4ms
04-09 15:06:59.658: D/dalvikvm(1386): GC_CONCURRENT freed 1569K, 59% free 5300K/12679K, external 3636K/4541K, paused 3ms+4ms
04-09 15:06:59.814: D/dalvikvm(1386): GC_CONCURRENT freed 1555K, 59% free 5308K/12679K, external 3636K/4541K, paused 3ms+4ms
04-09 15:06:59.892: D/dalvikvm(1462): GC_EXTERNAL_ALLOC freed 24K, 52% free 2923K/6087K, external 3308K/3389K, paused 26ms
04-09 15:06:59.994: D/dalvikvm(1386): GC_CONCURRENT freed 1555K, 59% free 5320K/12679K, external 3636K/4541K, paused 3ms+4ms
04-09 15:06:59.994: W/ProcessStats(1386): Skipping unknown process pid 4194
04-09 15:07:00.119: D/dalvikvm(1386): GC_CONCURRENT freed 1571K, 59% free 5317K/12679K, external 3636K/4541K, paused 2ms+3ms
04-09 15:07:00.220: D/dalvikvm(1386): GC_CONCURRENT freed 1595K, 59% free 5282K/12679K, external 3636K/4541K, paused 3ms+4ms
04-09 15:07:00.283: D/dalvikvm(1386): GC_CONCURRENT freed 1514K, 58% free 5326K/12679K, external 3636K/4541K, paused 3ms+4ms
04-09 15:07:15.134: D/dalvikvm(1386): GC_CONCURRENT freed 1575K, 59% free 5260K/12679K, external 3636K/4541K, paused 3ms+3ms
04-09 15:07:30.915: D/LAB126(1453): got back button softkey click!
04-09 15:07:30.915: D/LAB126(1453): collapse because of back button
04-09 15:07:30.915: D/LAB126(1453): collapse softkeys
04-09 15:07:31.259: I/LAB126(1453): StatusBarService hears intent. action: com.lab126.intent.TOP_WINDOW_CHANGED
04-09 15:07:31.259: I/LAB126(1453): window changed
04-09 15:07:31.439: E/TiBaseActivity(3683): (main) [476612,1681390] Layout cleanup.
04-09 15:07:44.626: D/LAB126(1453): got back button softkey click!
04-09 15:07:44.626: D/LAB126(1453): collapse because of back button
04-09 15:07:44.626: D/LAB126(1453): collapse softkeys
04-09 15:07:44.978: I/LAB126(1453): StatusBarService hears intent. action: com.lab126.intent.TOP_WINDOW_CHANGED
04-09 15:07:44.978: I/LAB126(1453): window changed
04-09 15:07:45.150: E/TiBaseActivity(3683): (main) [13713,1695103] Layout cleanup.
04-09 15:07:58.697: V/DeviceStorageMonitorService(1386): mTotalMemory is 11734999
04-09 15:08:00.431: D/dalvikvm(1386): GC_CONCURRENT freed 1463K, 58% free 5346K/12679K, external 3636K/4541K, paused 2ms+4ms
04-09 15:08:00.556: D/dalvikvm(1386): GC_CONCURRENT freed 1620K, 59% free 5301K/12679K, external 3636K/4541K, paused 2ms+4ms
04-09 15:08:00.681: D/dalvikvm(1386): GC_CONCURRENT freed 1548K, 59% free 5317K/12679K, external 3636K/4541K, paused 2ms+4ms
04-09 15:08:00.806: D/dalvikvm(1386): GC_CONCURRENT freed 1585K, 59% free 5299K/12679K, external 3636K/4541K, paused 2ms+4ms
04-09 15:08:00.931: D/dalvikvm(1386): GC_CONCURRENT freed 1563K, 59% free 5299K/12679K, external 3636K/4541K, paused 2ms+3ms
04-09 15:08:01.056: D/dalvikvm(1386): GC_CONCURRENT freed 1563K, 59% free 5299K/12679K, external 3636K/4541K, paused 2ms+3ms
04-09 15:08:01.189: D/dalvikvm(1386): GC_CONCURRENT freed 1564K, 59% free 5299K/12679K, external 3636K/4541K, paused 2ms+3ms
04-09 15:08:01.298: D/dalvikvm(1386): GC_CONCURRENT freed 1592K, 59% free 5268K/12679K, external 3636K/4541K, paused 2ms+4ms
04-09 15:08:01.408: D/dalvikvm(1386): GC_CONCURRENT freed 1533K, 59% free 5285K/12679K, external 3636K/4541K, paused 2ms+3ms
04-09 15:08:01.470: D/dalvikvm(1386): GC_CONCURRENT freed 1525K, 59% free 5317K/12679K, external 3636K/4541K, paused 2ms+4ms
04-09 15:08:01.556: D/dalvikvm(1386): GC_CONCURRENT freed 1590K, 59% free 5294K/12679K, external 3636K/4541K, paused 2ms+3ms
04-09 15:08:08.306: D/ActivityManager(1386): Starting: Intent { cmp=com.appcelerator.kitchensinknook/org.appcelerator.titanium.TiActivity (has extras) } from pid 3683
04-09 15:08:08.587: D/Window(3683): Loading window with URL: ../examples/table_views.js
04-09 15:08:08.587: D/Module(3683): Loading module: ../examples/table_views -> Resources/examples/table_views.js
04-09 15:08:08.697: E/TiAPI(3683): !!!
04-09 15:08:08.697: E/TiAPI(3683): !!! WARNING : Use of unsupported constant Ti.UI.iPhone.TableViewStyle.GROUPED !!!
04-09 15:08:08.697: E/TiAPI(3683): !!!
04-09 15:08:08.736: D/TiUIView(3683): (main) [23584,1718687] Nativeview is null
04-09 15:08:08.876: D/TiUIView(3683): (main) [141,1718828] Nativeview is null
04-09 15:08:08.908: D/dalvikvm(3683): GC_CONCURRENT freed 1027K, 41% free 5160K/8647K, external 1859K/2204K, paused 2ms+4ms
04-09 15:08:08.947: I/LAB126(1453): StatusBarService hears intent. action: com.lab126.intent.TOP_WINDOW_CHANGED
04-09 15:08:08.947: I/LAB126(1453): window changed
04-09 15:08:09.126: I/ActivityManager(1386): Displayed com.appcelerator.kitchensinknook/org.appcelerator.titanium.TiActivity: +816ms
04-09 15:08:22.845: D/ActivityManager(1386): Starting: Intent { cmp=com.appcelerator.kitchensinknook/org.appcelerator.titanium.TiActivity (has extras) } from pid 3683
04-09 15:08:23.134: D/Window(3683): Loading window with URL: ../examples/table_view_basic.js
04-09 15:08:23.134: D/Module(3683): Loading module: ../examples/table_view_basic -> Resources/examples/table_view_basic.js
04-09 15:08:23.267: D/TiUIView(3683): (main) [14388,1733216] Nativeview is null
04-09 15:08:23.290: D/TiUIView(3683): (main) [23,1733239] Nativeview is null
04-09 15:08:23.322: I/LAB126(1453): StatusBarService hears intent. action: com.lab126.intent.TOP_WINDOW_CHANGED
04-09 15:08:23.322: I/LAB126(1453): window changed
04-09 15:08:23.494: I/ActivityManager(1386): Displayed com.appcelerator.kitchensinknook/org.appcelerator.titanium.TiActivity: +649ms
04-09 15:08:25.986: I/TiAPI(3683): detail false
04-09 15:08:26.001: D/TiUIView(3683): (main) [2712,1735951] Nativeview is null
04-09 15:08:26.001: D/TiUIView(3683): (main) [0,1735951] Nativeview is null
04-09 15:08:29.173: W/KeyCharacterMap(3683): No keyboard for id 0
04-09 15:08:29.173: W/KeyCharacterMap(3683): Using default keymap: /system/usr/keychars/qwerty.kcm.bin
04-09 15:08:29.173: D/LAB126(1453): got back button softkey click!
04-09 15:08:29.173: D/LAB126(1453): collapse because of back button
04-09 15:08:29.173: D/LAB126(1453): collapse softkeys
04-09 15:08:29.197: W/InputManagerService(1386): Window already focused, ignoring focus gain of: com.android.internal.view.IInputMethodClient$Stub$Proxy@407f2490
04-09 15:08:30.564: I/ChargeProtectionService(1386): Battery discharging, resuming charging
04-09 15:08:32.572: D/LAB126(1453): got back button softkey click!
04-09 15:08:32.572: D/LAB126(1453): collapse because of back button
04-09 15:08:32.572: D/LAB126(1453): collapse softkeys
04-09 15:08:32.939: I/LAB126(1453): StatusBarService hears intent. action: com.lab126.intent.TOP_WINDOW_CHANGED
04-09 15:08:32.939: I/LAB126(1453): window changed
04-09 15:08:32.970: E/TiBaseActivity(3683): (main) [6971,1742922] Layout cleanup.
04-09 15:08:34.681: D/ActivityManager(1386): Starting: Intent { cmp=com.appcelerator.kitchensinknook/org.appcelerator.titanium.TiActivity (has extras) } from pid 3683
04-09 15:08:34.689: D/Window(3683): Loading window with URL: ../examples/table_view_perf.js
04-09 15:08:34.689: D/Module(3683): Loading module: ../examples/table_view_perf -> Resources/examples/table_view_perf.js
04-09 15:08:34.994: D/dalvikvm(3683): GC_CONCURRENT freed 1151K, 40% free 5508K/9095K, external 1407K/1872K, paused 2ms+3ms
04-09 15:08:35.306: D/TiUIView(3683): (main) [2331,1745253] Nativeview is null
04-09 15:08:35.337: D/TiUIView(3683): (main) [31,1745284] Nativeview is null
04-09 15:08:35.369: I/LAB126(1453): StatusBarService hears intent. action: com.lab126.intent.TOP_WINDOW_CHANGED
04-09 15:08:35.369: I/LAB126(1453): window changed
04-09 15:08:35.548: I/ActivityManager(1386): Displayed com.appcelerator.kitchensinknook/org.appcelerator.titanium.TiActivity: +868ms
04-09 15:08:35.783: D/dalvikvm(3683): GC_CONCURRENT freed 923K, 37% free 5930K/9351K, external 1360K/1872K, paused 2ms+3ms
04-09 15:08:43.329: D/dalvikvm(3683): GC_EXTERNAL_ALLOC freed 4K, 37% free 5928K/9351K, external 1810K/1872K, paused 127ms
04-09 15:08:43.517: D/dalvikvm(3683): GC_EXTERNAL_ALLOC freed 4K, 37% free 5952K/9351K, external 2148K/2210K, paused 76ms
04-09 15:08:43.861: D/dalvikvm(3683): GC_EXTERNAL_ALLOC freed 4K, 36% free 5987K/9351K, external 2373K/2435K, paused 91ms
04-09 15:08:44.009: D/dalvikvm(3683): GC_EXTERNAL_ALLOC freed 50K, 36% free 5986K/9351K, external 2485K/2547K, paused 55ms
04-09 15:08:44.079: D/dalvikvm(3683): GC_EXTERNAL_ALLOC freed 4K, 36% free 5991K/9351K, external 2485K/2547K, paused 53ms
04-09 15:08:44.158: D/dalvikvm(3683): GC_EXTERNAL_ALLOC freed 9K, 36% free 6020K/9351K, external 2485K/2547K, paused 55ms
04-09 15:08:44.236: D/dalvikvm(3683): GC_EXTERNAL_ALLOC freed 9K, 36% free 6048K/9351K, external 2485K/2547K, paused 57ms
04-09 15:08:44.322: D/dalvikvm(3683): GC_EXTERNAL_ALLOC freed 12K, 35% free 6082K/9351K, external 2485K/2547K, paused 63ms
04-09 15:08:44.400: D/dalvikvm(3683): GC_EXTERNAL_ALLOC freed 9K, 35% free 6111K/9351K, external 2485K/2547K, paused 61ms
04-09 15:08:44.509: D/dalvikvm(3683): GC_EXTERNAL_ALLOC freed 7K, 35% free 6123K/9351K, external 2485K/2547K, paused 66ms
04-09 15:08:44.595: D/dalvikvm(3683): GC_EXTERNAL_ALLOC freed 11K, 35% free 6158K/9351K, external 2485K/2547K, paused 63ms
04-09 15:08:44.681: D/dalvikvm(3683): GC_EXTERNAL_ALLOC freed 10K, 34% free 6187K/9351K, external 2485K/2547K, paused 62ms
04-09 15:08:44.767: D/dalvikvm(3683): GC_EXTERNAL_ALLOC freed 9K, 34% free 6217K/9351K, external 2485K/2547K, paused 64ms
04-09 15:08:44.861: D/dalvikvm(3683): GC_EXTERNAL_ALLOC freed 9K, 34% free 6246K/9351K, external 2485K/2547K, paused 69ms
04-09 15:08:44.962: D/dalvikvm(3683): GC_EXTERNAL_ALLOC freed 11K, 33% free 6281K/9351K, external 2485K/2547K, paused 77ms
04-09 15:08:45.048: D/dalvikvm(3683): GC_EXTERNAL_ALLOC freed 11K, 33% free 6316K/9351K, external 2485K/2547K, paused 56ms
04-09 15:08:45.119: D/dalvikvm(3683): GC_EXTERNAL_ALLOC freed 9K, 33% free 6344K/9351K, external 2485K/2547K, paused 58ms
04-09 15:08:45.204: D/dalvikvm(3683): GC_EXTERNAL_ALLOC freed 12K, 32% free 6379K/9351K, external 2935K/2963K, paused 56ms
04-09 15:08:45.290: D/dalvikvm(3683): GC_EXTERNAL_ALLOC freed 10K, 32% free 6408K/9351K, external 2710K/2823K, paused 57ms
04-09 15:08:45.369: D/dalvikvm(3683): GC_EXTERNAL_ALLOC freed 9K, 32% free 6436K/9351K, external 2598K/2682K, paused 58ms
04-09 15:08:45.439: D/dalvikvm(3683): GC_EXTERNAL_ALLOC freed 8K, 31% free 6459K/9351K, external 2598K/2682K, paused 58ms
04-09 15:08:45.525: D/dalvikvm(3683): GC_EXTERNAL_ALLOC freed 10K, 31% free 6488K/9351K, external 2598K/2682K, paused 58ms
04-09 15:08:45.611: D/dalvikvm(3683): GC_EXTERNAL_ALLOC freed 10K, 31% free 6516K/9351K, external 2598K/2682K, paused 57ms
04-09 15:08:45.689: D/dalvikvm(3683): GC_EXTERNAL_ALLOC freed 7K, 31% free 6539K/9351K, external 2598K/2682K, paused 62ms
04-09 15:08:45.775: D/dalvikvm(3683): GC_EXTERNAL_ALLOC freed 10K, 30% free 6568K/9351K, external 2598K/2682K, paused 58ms
04-09 15:08:45.861: D/dalvikvm(3683): GC_EXTERNAL_ALLOC freed 10K, 30% free 6597K/9351K, external 2598K/2682K, paused 59ms
04-09 15:08:45.947: D/dalvikvm(3683): GC_EXTERNAL_ALLOC freed 9K, 30% free 6619K/9351K, external 2598K/2682K, paused 59ms
04-09 15:08:46.033: D/dalvikvm(3683): GC_EXTERNAL_ALLOC freed 9K, 29% free 6642K/9351K, external 2598K/2682K, paused 59ms
04-09 15:08:46.119: D/dalvikvm(3683): GC_EXTERNAL_ALLOC freed 9K, 29% free 6665K/9351K, external 2598K/2682K, paused 59ms
04-09 15:08:46.204: D/dalvikvm(3683): GC_EXTERNAL_ALLOC freed 9K, 29% free 6688K/9351K, external 2598K/2682K, paused 59ms
04-09 15:08:46.290: D/dalvikvm(3683): GC_EXTERNAL_ALLOC freed 9K, 29% free 6711K/9351K, external 2598K/2682K, paused 60ms
04-09 15:08:46.384: D/dalvikvm(3683): GC_EXTERNAL_ALLOC freed 11K, 28% free 6734K/9351K, external 2598K/2682K, paused 61ms
04-09 15:08:46.478: D/dalvikvm(3683): GC_EXTERNAL_ALLOC freed 10K, 28% free 6756K/9351K, external 2598K/2682K, paused 61ms
04-09 15:08:46.579: D/dalvikvm(3683): GC_EXTERNAL_ALLOC freed 12K, 28% free 6779K/9351K, external 2598K/2682K, paused 61ms
04-09 15:08:46.704: D/dalvikvm(3683): GC_EXTERNAL_ALLOC freed 13K, 28% free 6802K/9351K, external 2598K/2682K, paused 61ms
04-09 15:08:46.783: D/dalvikvm(3683): GC_EXTERNAL_ALLOC freed 6K, 28% free 6819K/9351K, external 2598K/2682K, paused 61ms
04-09 15:08:46.869: D/dalvikvm(3683): GC_EXTERNAL_ALLOC freed 7K, 27% free 6836K/9351K, external 2598K/2682K, paused 61ms
04-09 15:08:46.954: D/dalvikvm(3683): GC_EXTERNAL_ALLOC freed 7K, 27% free 6854K/9351K, external 2598K/2682K, paused 61ms
04-09 15:08:47.056: D/dalvikvm(3683): GC_EXTERNAL_ALLOC freed 12K, 27% free 6870K/9351K, external 2598K/2682K, paused 62ms
04-09 15:08:47.228: D/dalvikvm(3683): GC_EXTERNAL_ALLOC freed 16K, 27% free 6893K/9351K, external 2598K/2682K, paused 62ms
04-09 15:08:47.337: D/dalvikvm(3683): GC_EXTERNAL_ALLOC freed 10K, 27% free 6910K/9415K, external 2598K/2682K, paused 62ms
04-09 15:08:47.525: D/dalvikvm(3683): GC_EXTERNAL_ALLOC freed 18K, 27% free 6933K/9415K, external 2598K/2682K, paused 62ms
04-09 15:08:47.728: D/dalvikvm(3683): GC_EXTERNAL_ALLOC freed 19K, 27% free 6956K/9415K, external 2598K/2682K, paused 63ms
04-09 15:08:47.931: D/dalvikvm(3683): GC_EXTERNAL_ALLOC freed 18K, 27% free 6973K/9479K, external 2598K/2682K, paused 62ms
04-09 15:08:48.244: D/dalvikvm(3683): GC_EXTERNAL_ALLOC freed 26K, 27% free 6990K/9479K, external 2598K/2682K, paused 63ms
04-09 15:08:48.704: W/KeyCharacterMap(3683): No keyboard for id 0
04-09 15:08:48.704: W/KeyCharacterMap(3683): Using default keymap: /system/usr/keychars/qwerty.kcm.bin
04-09 15:08:48.704: D/LAB126(1453): got back button softkey click!
04-09 15:08:48.704: D/LAB126(1453): collapse because of back button
04-09 15:08:48.704: D/LAB126(1453): collapse softkeys
04-09 15:08:48.775: I/LAB126(1453): StatusBarService hears intent. action: com.lab126.intent.TOP_WINDOW_CHANGED
04-09 15:08:48.775: I/LAB126(1453): window changed
04-09 15:08:48.954: E/TiBaseActivity(3683): (main) [13620,1758904] Layout cleanup.
04-09 15:08:51.978: D/ActivityManager(1386): Starting: Intent { cmp=com.appcelerator.kitchensinknook/org.appcelerator.titanium.TiActivity (has extras) } from pid 3683
04-09 15:08:51.986: D/Window(3683): Loading window with URL: ../examples/table_view_custom_rowdata.js
04-09 15:08:51.986: D/Module(3683): Loading module: ../examples/table_view_custom_rowdata -> Resources/examples/table_view_custom_rowdata.js
04-09 15:08:52.150: D/TiUIView(3683): (main) [3192,1762096] Nativeview is null
04-09 15:08:52.165: D/TiUIView(3683): (main) [20,1762116] Nativeview is null
04-09 15:08:52.197: I/LAB126(1453): StatusBarService hears intent. action: com.lab126.intent.TOP_WINDOW_CHANGED
04-09 15:08:52.197: I/LAB126(1453): window changed
04-09 15:08:52.376: I/ActivityManager(1386): Displayed com.appcelerator.kitchensinknook/org.appcelerator.titanium.TiActivity: +397ms
04-09 15:08:54.876: D/TiUIView(3683): (main) [2708,1764824] Nativeview is null
04-09 15:08:54.876: D/TiUIView(3683): (main) [1,1764825] Nativeview is null
04-09 15:08:55.783: D/dalvikvm(1386): GC_CONCURRENT freed 1428K, 59% free 5316K/12679K, external 3636K/4541K, paused 2ms+4ms
04-09 15:08:58.697: V/DeviceStorageMonitorService(1386): mTotalMemory is 11734999
04-09 15:09:01.892: D/dalvikvm(1386): GC_CONCURRENT freed 1526K, 58% free 5357K/12679K, external 3636K/4541K, paused 2ms+3ms
04-09 15:09:02.017: D/dalvikvm(1386): GC_CONCURRENT freed 1620K, 59% free 5314K/12679K, external 3636K/4541K, paused 2ms+4ms
04-09 15:09:02.142: D/dalvikvm(1386): GC_CONCURRENT freed 1572K, 59% free 5308K/12679K, external 3636K/4541K, paused 2ms+3ms
04-09 15:09:02.267: D/dalvikvm(1386): GC_CONCURRENT freed 1541K, 58% free 5332K/12679K, external 3636K/4541K, paused 3ms+4ms
04-09 15:09:02.392: D/dalvikvm(1386): GC_CONCURRENT freed 1598K, 59% free 5291K/12679K, external 3636K/4541K, paused 2ms+4ms
04-09 15:09:02.517: D/dalvikvm(1386): GC_CONCURRENT freed 1538K, 59% free 5314K/12679K, external 3636K/4541K, paused 3ms+3ms
04-09 15:09:02.642: D/dalvikvm(1386): GC_CONCURRENT freed 1566K, 59% free 5315K/12679K, external 3636K/4541K, paused 2ms+4ms
04-09 15:09:02.751: D/dalvikvm(1386): GC_CONCURRENT freed 1564K, 59% free 5318K/12679K, external 3636K/4541K, paused 2ms+4ms
04-09 15:09:02.845: D/dalvikvm(1386): GC_CONCURRENT freed 1596K, 59% free 5288K/12679K, external 3636K/4541K, paused 2ms+4ms
04-09 15:09:02.915: D/dalvikvm(1386): GC_CONCURRENT freed 1513K, 58% free 5333K/12679K, external 3636K/4541K, paused 3ms+4ms
04-09 15:09:15.884: D/dalvikvm(1386): GC_CONCURRENT freed 1573K, 59% free 5266K/12679K, external 3636K/4541K, paused 3ms+3ms
04-09 15:09:58.697: V/DeviceStorageMonitorService(1386): mTotalMemory is 11734999
04-09 15:10:03.072: D/dalvikvm(1386): GC_CONCURRENT freed 1466K, 58% free 5355K/12679K, external 3636K/4541K, paused 2ms+4ms
04-09 15:10:03.204: D/dalvikvm(1386): GC_CONCURRENT freed 1619K, 59% free 5314K/12679K, external 3636K/4541K, paused 2ms+4ms
04-09 15:10:03.329: D/dalvikvm(1386): GC_CONCURRENT freed 1566K, 59% free 5314K/12679K, external 3636K/4541K, paused 2ms+4ms
04-09 15:10:03.454: D/dalvikvm(1386): GC_CONCURRENT freed 1566K, 59% free 5314K/12679K, external 3636K/4541K, paused 2ms+3ms
04-09 15:10:03.759: D/dalvikvm(1386): GC_CONCURRENT freed 1568K, 59% free 5314K/12679K, external 3636K/4541K, paused 7ms+10ms
04-09 15:10:04.126: D/dalvikvm(1386): GC_CONCURRENT freed 1548K, 58% free 5332K/12679K, external 3636K/4541K, paused 7ms+10ms
04-09 15:10:04.525: D/dalvikvm(1386): GC_CONCURRENT freed 1594K, 59% free 5309K/12679K, external 3636K/4541K, paused 7ms+11ms
04-09 15:10:04.861: D/dalvikvm(1386): GC_CONCURRENT freed 1551K, 59% free 5324K/12679K, external 3636K/4541K, paused 6ms+10ms
04-09 15:10:05.181: D/dalvikvm(1386): GC_CONCURRENT freed 1571K, 59% free 5309K/12679K, external 3636K/4541K, paused 7ms+10ms
04-09 15:10:05.376: D/dalvikvm(1386): GC_CONCURRENT freed 1549K, 59% free 5316K/12679K, external 3636K/4541K, paused 6ms+11ms
04-09 15:10:05.564: D/dalvikvm(1386): GC_CONCURRENT freed 1542K, 58% free 5341K/12679K, external 3636K/4541K, paused 8ms+11ms
04-09 15:10:58.697: V/DeviceStorageMonitorService(1386): mTotalMemory is 11734999
04-09 15:11:05.744: D/dalvikvm(1386): GC_CONCURRENT freed 1594K, 59% free 5320K/12679K, external 3636K/4541K, paused 2ms+4ms
04-09 15:11:05.853: D/dalvikvm(1386): GC_CONCURRENT freed 1571K, 59% free 5317K/12679K, external 3636K/4541K, paused 2ms+3ms
04-09 15:11:05.978: D/dalvikvm(1386): GC_CONCURRENT freed 1570K, 59% free 5315K/12679K, external 3636K/4541K, paused 2ms+3ms
04-09 15:11:06.103: D/dalvikvm(1386): GC_CONCURRENT freed 1566K, 59% free 5315K/12679K, external 3636K/4541K, paused 3ms+4ms
04-09 15:11:06.228: D/dalvikvm(1386): GC_CONCURRENT freed 1568K, 59% free 5315K/12679K, external 3636K/4541K, paused 3ms+4ms
04-09 15:11:06.353: D/dalvikvm(1386): GC_CONCURRENT freed 1566K, 59% free 5315K/12679K, external 3636K/4541K, paused 2ms+4ms
04-09 15:11:06.478: D/dalvikvm(1386): GC_CONCURRENT freed 1568K, 59% free 5314K/12679K, external 3636K/4541K, paused 2ms+4ms
04-09 15:11:06.603: D/dalvikvm(1386): GC_CONCURRENT freed 1567K, 59% free 5315K/12679K, external 3636K/4541K, paused 2ms+3ms
04-09 15:11:06.712: D/dalvikvm(1386): GC_CONCURRENT freed 1569K, 59% free 5313K/12679K, external 3636K/4541K, paused 2ms+4ms
04-09 15:11:06.806: D/dalvikvm(1386): GC_CONCURRENT freed 1562K, 59% free 5318K/12679K, external 3636K/4541K, paused 2ms+4ms
04-09 15:11:06.876: D/dalvikvm(1386): GC_CONCURRENT freed 1558K, 59% free 5317K/12679K, external 3636K/4541K, paused 3ms+4ms
04-09 15:11:46.947: D/dalvikvm(1386): GC_CONCURRENT freed 1497K, 59% free 5283K/12679K, external 3636K/4541K, paused 2ms+4ms
04-09 15:11:58.704: V/DeviceStorageMonitorService(1386): mTotalMemory is 11734999
04-09 15:12:07.079: D/dalvikvm(1386): GC_CONCURRENT freed 1520K, 59% free 5323K/12679K, external 3636K/4541K, paused 3ms+4ms
04-09 15:12:07.204: D/dalvikvm(1386): GC_CONCURRENT freed 1568K, 59% free 5324K/12679K, external 3636K/4541K, paused 3ms+3ms
04-09 15:12:07.329: D/dalvikvm(1386): GC_CONCURRENT freed 1587K, 59% free 5306K/12679K, external 3636K/4541K, paused 2ms+3ms
04-09 15:12:07.462: D/dalvikvm(1386): GC_CONCURRENT freed 1564K, 59% free 5306K/12679K, external 3636K/4541K, paused 3ms+4ms
04-09 15:12:07.587: D/dalvikvm(1386): GC_CONCURRENT freed 1566K, 59% free 5306K/12679K, external 3636K/4541K, paused 2ms+3ms
04-09 15:12:07.712: D/dalvikvm(1386): GC_CONCURRENT freed 1564K, 59% free 5306K/12679K, external 3636K/4541K, paused 2ms+4ms
04-09 15:12:07.837: D/dalvikvm(1386): GC_CONCURRENT freed 1565K, 59% free 5306K/12679K, external 3636K/4541K, paused 2ms+3ms
04-09 15:12:07.947: D/dalvikvm(1386): GC_CONCURRENT freed 1579K, 59% free 5293K/12679K, external 3636K/4541K, paused 3ms+4ms
04-09 15:12:08.040: D/dalvikvm(1386): GC_CONCURRENT freed 1551K, 59% free 5303K/12679K, external 3636K/4541K, paused 3ms+4ms
04-09 15:12:08.119: D/dalvikvm(1386): GC_CONCURRENT freed 1552K, 59% free 5309K/12679K, external 3636K/4541K, paused 2ms+4ms
04-09 15:12:08.189: D/dalvikvm(1386): GC_CONCURRENT freed 1501K, 59% free 5300K/12679K, external 3636K/4541K, paused 3ms+4ms
04-09 15:12:10.861: D/dalvikvm(3683): GC_CONCURRENT freed 1350K, 39% free 6033K/9863K, external 1520K/1985K, paused 2ms+4ms
04-09 15:12:58.704: V/DeviceStorageMonitorService(1386): mTotalMemory is 11734999
04-09 15:13:02.337: W/ProcessStats(1386): Skipping unknown process pid 4286
04-09 15:13:07.376: W/ProcessStats(1386): Skipping unknown process pid 4287
04-09 15:13:08.306: D/dalvikvm(1386): GC_CONCURRENT freed 1519K, 58% free 5345K/12679K, external 3636K/4541K, paused 2ms+3ms
04-09 15:13:08.423: D/dalvikvm(1386): GC_CONCURRENT freed 1609K, 59% free 5311K/12679K, external 3636K/4541K, paused 3ms+4ms
04-09 15:13:08.548: D/dalvikvm(1386): GC_CONCURRENT freed 1568K, 59% free 5309K/12679K, external 3636K/4541K, paused 2ms+3ms
04-09 15:13:08.673: D/dalvikvm(1386): GC_CONCURRENT freed 1577K, 59% free 5286K/12679K, external 3636K/4541K, paused 2ms+4ms
04-09 15:13:08.798: D/dalvikvm(1386): GC_CONCURRENT freed 1548K, 59% free 5285K/12679K, external 3636K/4541K, paused 2ms+3ms
04-09 15:13:08.923: D/dalvikvm(1386): GC_CONCURRENT freed 1518K, 58% free 5328K/12679K, external 3636K/4541K, paused 2ms+4ms
04-09 15:13:09.064: D/dalvikvm(1386): GC_CONCURRENT freed 1589K, 59% free 5309K/12679K, external 3636K/4541K, paused 3ms+4ms
04-09 15:13:09.189: D/dalvikvm(1386): GC_CONCURRENT freed 1541K, 59% free 5318K/12679K, external 3636K/4541K, paused 2ms+3ms
04-09 15:13:09.290: D/dalvikvm(1386): GC_CONCURRENT freed 1577K, 59% free 5306K/12679K, external 3636K/4541K, paused 3ms+4ms
04-09 15:13:09.376: D/dalvikvm(1386): GC_CONCURRENT freed 1557K, 59% free 5311K/12679K, external 3636K/4541K, paused 2ms+4ms
04-09 15:13:09.439: D/dalvikvm(1386): GC_CONCURRENT freed 1582K, 59% free 5295K/12679K, external 3636K/4541K, paused 2ms+3ms
04-09 15:13:32.533: I/ChargeProtectionService(1386): Battery discharging, resuming charging
04-09 15:13:54.861: I/power(1386): *** set_screen_state 0
04-09 15:13:54.869: D/Sensors(1386): newState = 2
04-09 15:13:54.876: I/StorageNotification(1453): LockScreen: OnReceive
04-09 15:13:54.892: V/AlarmManager(1386): alarms: 2 type: RTC_WAKEUP
04-09 15:13:54.900: V/AlarmManager(1386): 0: Apr 09 03:14:09 pm android
04-09 15:13:54.900: V/AlarmManager(1386): 1: Apr 10 12:11:15 pm com.android.providers.calendar
04-09 15:13:59.875: E/LockScreen(1386): drawable resources >>> android
04-09 15:13:59.937: D/dalvikvm(1386): GC_CONCURRENT freed 1417K, 58% free 5440K/12679K, external 3636K/4541K, paused 3ms+4ms
04-09 15:13:59.968: E/LockScreen(1386): res=17302374, name='wallpaper_01_2422'
04-09 15:13:59.968: E/LockScreen(1386): res=17302375, name='wallpaper_02_1953'
04-09 15:13:59.968: E/LockScreen(1386): res=17302376, name='wallpaper_03_6474'
04-09 15:13:59.968: E/LockScreen(1386): res=17302377, name='wallpaper_04_5588'
04-09 15:13:59.968: E/LockScreen(1386): res=17302378, name='wallpaper_06_6043'
04-09 15:13:59.968: E/LockScreen(1386): res=17302379, name='wallpaper_07_5751'
04-09 15:13:59.968: E/LockScreen(1386): res=17302380, name='wallpaper_08_1905'
04-09 15:13:59.968: E/LockScreen(1386): res=17302381, name='wallpaper_09_2283'
04-09 15:13:59.968: E/LockScreen(1386): res=17302382, name='wallpaper_10_5683'
04-09 15:13:59.968: E/LockScreen(1386): res=17302383, name='wallpaper_11_5335'
04-09 15:13:59.968: E/LockScreen(1386): res=17302384, name='wallpaper_12_5866'
04-09 15:13:59.968: E/LockScreen(1386): res=17302385, name='wallpaper_13_3664'
04-09 15:13:59.968: E/LockScreen(1386): res=17302386, name='wallpaper_14_6752'
04-09 15:13:59.976: E/LockScreen(1386): res=17302387, name='wallpaper_15_2429'
04-09 15:13:59.976: E/LockScreen(1386): res=17302388, name='wallpaper_16_5737'
04-09 15:13:59.976: E/LockScreen(1386): res=17302389, name='wallpaper_17_6712'
04-09 15:13:59.976: E/LockScreen(1386): res=17302390, name='wallpaper_18_3613'
04-09 15:13:59.976: E/LockScreen(1386): res=17302391, name='wallpaper_19_5507'
04-09 15:13:59.976: E/LockScreen(1386): res=17302392, name='wallpaper_20_6562'
04-09 15:13:59.976: E/LockScreen(1386): res=17302393, name='wallpaper_21_3622'
04-09 15:13:59.976: E/LockScreen(1386): res=17302394, name='wallpaper_22_6413'
04-09 15:13:59.976: E/LockScreen(1386): drawable resources <<< android
04-09 15:13:59.976: E/LockScreen(1386): current=11, maximum=21
04-09 15:13:59.976: E/ApplicationContext(1386): Couldn't create directory for SharedPreferences file
04-09 15:14:00.031: D/skia(1386): Loading ARM decoder...
04-09 15:14:00.078: D/dalvikvm(1386): GC_EXTERNAL_ALLOC freed 775K, 58% free 5380K/12679K, external 3636K/4541K, paused 51ms
04-09 15:14:00.148: E/SlidingBand(1386): align right
04-09 15:14:00.359: D/dalvikvm(1386): GC_EXPLICIT freed 150K, 59% free 5286K/12679K, external 5521K/6639K, paused 52ms
04-09 15:14:00.820: V/DeviceStorageMonitorService(1386): mTotalMemory is 11734999
04-09 15:14:09.750: I/WakelockDebugService(1386): Dumping PowerManager state
04-09 15:14:09.765: I/WakelockDebugService(1386): Power Manager State:
04-09 15:14:09.765: I/WakelockDebugService(1386): mIsPowered=false mPowerState=0 mScreenOffTime=14895 ms
04-09 15:14:09.765: I/WakelockDebugService(1386): mPartialCount=1
04-09 15:14:09.765: I/WakelockDebugService(1386): mWakeLockState=
04-09 15:14:09.765: I/WakelockDebugService(1386): mUserState=
04-09 15:14:09.765: I/WakelockDebugService(1386): mPowerState=
04-09 15:14:09.765: I/WakelockDebugService(1386): mLocks.gather=
04-09 15:14:09.765: I/WakelockDebugService(1386): mNextTimeout=5335527 now=5330503 5s from now
04-09 15:14:09.765: I/WakelockDebugService(1386): mDimScreen=true mStayOnConditions=0
04-09 15:14:09.765: I/WakelockDebugService(1386): mScreenOffReason=3 mUserState=0
04-09 15:14:09.765: I/WakelockDebugService(1386): mBroadcastQueue={-1,-1,-1}
04-09 15:14:09.765: I/WakelockDebugService(1386): mBroadcastWhy={0,0,0}
04-09 15:14:09.765: I/WakelockDebugService(1386): mPokey=0 mPokeAwakeonSet=false
04-09 15:14:09.765: I/WakelockDebugService(1386): mKeyboardVisible=false mUserActivityAllowed=false
04-09 15:14:09.765: I/WakelockDebugService(1386): mKeylightDelay=6000 mDimDelay=287000 mScreenOffDelay=7000
04-09 15:14:09.765: I/WakelockDebugService(1386): mPreventScreenOn=false mScreenBrightnessOverride=-1 mButtonBrightnessOverride=-1
04-09 15:14:09.765: I/WakelockDebugService(1386): mScreenOffTimeoutSetting=300000 mMaximumScreenOffTimeout=2147483647
04-09 15:14:09.765: I/WakelockDebugService(1386): mLastScreenOnTime=0
04-09 15:14:09.765: I/WakelockDebugService(1386): mBroadcastWakeLock=UnsynchronizedWakeLock(mFlags=0x1 mCount=0 mHeld=false)
04-09 15:14:09.765: I/WakelockDebugService(1386): mStayOnWhilePluggedInScreenDimLock=UnsynchronizedWakeLock(mFlags=0x6 mCount=0 mHeld=false)
04-09 15:14:09.765: I/WakelockDebugService(1386): mStayOnWhilePluggedInPartialLock=UnsynchronizedWakeLock(mFlags=0x1 mCount=0 mHeld=false)
04-09 15:14:09.765: I/WakelockDebugService(1386): mPreventScreenOnPartialLock=UnsynchronizedWakeLock(mFlags=0x1 mCount=0 mHeld=false)
04-09 15:14:09.765: I/WakelockDebugService(1386): mProximityPartialLock=UnsynchronizedWakeLock(mFlags=0x1 mCount=0 mHeld=false)
04-09 15:14:09.765: I/WakelockDebugService(1386): mProximityWakeLockCount=0
04-09 15:14:09.765: I/WakelockDebugService(1386): mProximitySensorEnabled=false
04-09 15:14:09.765: I/WakelockDebugService(1386): mProximitySensorActive=false
04-09 15:14:09.765: I/WakelockDebugService(1386): mProximityPendingValue=-1
04-09 15:14:09.765: I/WakelockDebugService(1386): mLastProximityEventTime=0
04-09 15:14:09.765: I/WakelockDebugService(1386): mLightSensorEnabled=false
04-09 15:14:09.765: I/WakelockDebugService(1386): mLightSensorValue=-1.0 mLightSensorPendingValue=-1.0
04-09 15:14:09.765: I/WakelockDebugService(1386): mLightSensorScreenBrightness=-1 mLightSensorButtonBrightness=-1 mLightSensorKeyboardBrightness=-1
04-09 15:14:09.765: I/WakelockDebugService(1386): mUseSoftwareAutoBrightness=true
04-09 15:14:09.765: I/WakelockDebugService(1386): mAutoBrightessEnabled=false
04-09 15:14:09.765: I/WakelockDebugService(1386): mScreenBrightness: animating=false targetValue=0 curValue=0.0 delta=-5.0
04-09 15:14:09.765: I/WakelockDebugService(1386): mLocks.size=1:
04-09 15:14:09.765: I/WakelockDebugService(1386): PARTIAL_WAKE_LOCK 'AlarmManager' activated (minState=0, uid=1000, pid=1386)
04-09 15:14:09.765: I/WakelockDebugService(1386): mPokeLocks.size=0:
04-09 15:14:09.898: V/WifiMonitor(1386): Event [CTRL-EVENT-STATE-CHANGE id=0 state=8 BSSID=00:00:00:00:00:00]
04-09 15:14:09.898: V/WifiStateTracker(1386): Changing supplicant state: COMPLETED ==> DORMANT
04-09 15:14:09.898: D/WifiStateTracker(1386): Reset connections and stopping DHCP
04-09 15:14:09.937: V/WifiMonitor(1386): Event [CTRL-EVENT-DISCONNECTED - Disconnect event - remove keys]
04-09 15:14:09.937: V/WifiMonitor(1386): Event [CTRL-EVENT-STATE-CHANGE id=-1 state=8 BSSID=00:00:00:00:00:00]
04-09 15:14:10.007: D/WifiStateTracker(1386): Disabling interface
04-09 15:14:10.085: V/WifiMonitor(1386): Event [CTRL-EVENT-DRIVER-STATE STOPPED]
04-09 15:14:10.085: V/WifiStateTracker(1386): New network state is DISCONNECTED
04-09 15:14:10.085: V/WifiStateTracker(1386): Changing supplicant state: DORMANT ==> DORMANT
04-09 15:14:10.085: W/MobileDataStateTracker(1386): Ignoring feature request because could not acquire PhoneService
04-09 15:14:10.085: W/MobileDataStateTracker(1386): Could not enable APN type "default"
04-09 15:14:10.093: D/Tethering(1386): MasterInitialState.processMessage what=3
04-09 15:14:10.093: D/CaptiveWifiService(1386): SSID is null
04-09 15:14:10.093: I/CaptiveWifiService(1386): Connectivity action change network
04-09 15:14:10.093: I/StatusBarPolicy(1453): updateConnectivity: inetCondition = 0
04-09 15:14:10.101: I/MailService(3606): connected: AutoSync help is available, autoSync = true
04-09 15:14:10.101: I/MailService(3606): connected: final hasConnectivity is false
04-09 15:14:10.101: I/MailService(3606): reset next check to -1.
04-09 15:14:10.101: I/MailService(3606): MailService.onStart(Intent { act=com.amazon.email.intent.action.MAIL_SERVICE_CONNECTIVITY_CHANGE cmp=com.amazon.email/.service.MailService }, 1), hasConnectivity = false, doBackground = true
04-09 15:14:10.148: I/MailService(3606): connected: AutoSync help is available, autoSync = true
04-09 15:14:10.148: I/MailService(3606): connected: final hasConnectivity is false
04-09 15:14:10.148: I/MailService(3606): reset next check to -1.
04-09 15:14:10.148: I/MailService(3606): MailService.onStart(Intent { act=com.amazon.email.intent.action.MAIL_SERVICE_CONNECTIVITY_CHANGE cmp=com.amazon.email/.service.MailService (has extras) }, 2), hasConnectivity = false, doBackground = true
04-09 15:20:21.750: D/KeyguardViewMediator(1386): wakeWhenReadyLocked(26)
04-09 15:20:21.765: I/power(1386): *** set_screen_state 1
04-09 15:20:21.765: W/WindowManager(1386): Unable to find ITelephony interface.
04-09 15:20:21.789: D/Sensors(1386): newState = 0
04-09 15:20:21.789: I/ChargeProtectionService(1386): Battery discharging, resuming charging
04-09 15:20:21.882: D/WifiStateTracker(1386): Reset connections and stopping DHCP
04-09 15:20:21.992: D/WifiStateTracker(1386): Disabling interface
04-09 15:20:22.421: D/dalvikvm(1386): GC_CONCURRENT freed 1927K, 58% free 5391K/12679K, external 3841K/5521K, paused 9ms+4ms
04-09 15:20:22.578: D/dalvikvm(1386): GC_CONCURRENT freed 1671K, 58% free 5357K/12679K, external 3841K/5521K, paused 2ms+4ms
04-09 15:20:22.718: D/dalvikvm(1386): GC_CONCURRENT freed 1629K, 58% free 5357K/12679K, external 3841K/5521K, paused 2ms+4ms
04-09 15:20:22.882: D/dalvikvm(1386): GC_CONCURRENT freed 1629K, 58% free 5358K/12679K, external 3841K/5521K, paused 3ms+3ms
04-09 15:20:22.898: I/StorageNotification(1453): LockScreen: OnReceive
04-09 15:20:23.015: V/WifiMonitor(1386): Event [CTRL-EVENT-DRIVER-STATE STARTED]
04-09 15:20:23.015: V/WifiMonitor(1386): Event [CTRL-EVENT-STATE-CHANGE id=-1 state=2 BSSID=00:00:00:00:00:00]
04-09 15:20:23.015: V/WifiStateTracker(1386): Changing supplicant state: DORMANT ==> SCANNING
04-09 15:20:23.062: I/MailService(3606): connected: AutoSync help is available, autoSync = true
04-09 15:20:23.062: I/MailService(3606): connected: final hasConnectivity is false
04-09 15:20:23.062: I/MailService(3606): reset next check to -1.
04-09 15:20:23.062: I/MailService(3606): MailService.onStart(Intent { act=com.amazon.email.intent.action.MAIL_SERVICE_CONNECTIVITY_CHANGE cmp=com.amazon.email/.service.MailService }, 3), hasConnectivity = false, doBackground = true
04-09 15:20:23.117: D/dalvikvm(1386): GC_CONCURRENT freed 1527K, 58% free 5422K/12679K, external 3841K/5521K, paused 3ms+5ms
04-09 15:20:23.304: D/dalvikvm(1386): GC_CONCURRENT freed 1592K, 58% free 5385K/12679K, external 3841K/5521K, paused 3ms+5ms
04-09 15:20:23.500: D/dalvikvm(1386): GC_CONCURRENT freed 1655K, 58% free 5357K/12679K, external 3841K/5521K, paused 3ms+5ms
04-09 15:20:23.632: D/dalvikvm(1386): GC_CONCURRENT freed 1626K, 58% free 5360K/12679K, external 3841K/5521K, paused 2ms+4ms
04-09 15:20:23.734: D/dalvikvm(1386): GC_CONCURRENT freed 1653K, 58% free 5331K/12679K, external 3841K/5521K, paused 2ms+4ms
04-09 15:20:23.812: D/dalvikvm(1386): GC_CONCURRENT freed 1581K, 58% free 5358K/12679K, external 3841K/5521K, paused 2ms+4ms
04-09 15:20:23.859: V/WifiMonitor(1386): Event [Trying to associate with 00:00:00:00:cd:d2 (SSID='f726f83774fbc40cf57292e223b621ee' freq=2412 MHz rssi=-60)]
04-09 15:20:23.859: V/WifiMonitor(1386): Event [CTRL-EVENT-STATE-CHANGE id=-1 state=3 BSSID=00:00:00:00:cd:d2]
04-09 15:20:23.859: V/WifiStateTracker(1386): Changing supplicant state: SCANNING ==> ASSOCIATING
04-09 15:20:23.859: I/MailService(3606): connected: AutoSync help is available, autoSync = true
04-09 15:20:23.859: I/MailService(3606): connected: final hasConnectivity is false
04-09 15:20:23.859: I/MailService(3606): reset next check to -1.
04-09 15:20:23.859: I/MailService(3606): MailService.onStart(Intent { act=com.amazon.email.intent.action.MAIL_SERVICE_CONNECTIVITY_CHANGE cmp=com.amazon.email/.service.MailService }, 4), hasConnectivity = false, doBackground = true
04-09 15:20:23.953: V/WifiMonitor(1386): Event [CTRL-EVENT-DISCONNECTED - Disconnect event - remove keys]
04-09 15:20:23.953: V/WifiStateTracker(1386): New network state is DISCONNECTED
04-09 15:20:23.953: V/WifiMonitor(1386): Event [CTRL-EVENT-STATE-CHANGE id=0 state=0 BSSID=00:00:00:00:cd:d2]
04-09 15:20:23.953: V/WifiStateTracker(1386): Changing supplicant state: ASSOCIATING ==> DISCONNECTED
04-09 15:20:23.960: I/MailService(3606): connected: AutoSync help is available, autoSync = true
04-09 15:20:23.960: I/MailService(3606): connected: final hasConnectivity is false
04-09 15:20:23.960: I/MailService(3606): reset next check to -1.
04-09 15:20:23.960: I/MailService(3606): MailService.onStart(Intent { act=com.amazon.email.intent.action.MAIL_SERVICE_CONNECTIVITY_CHANGE cmp=com.amazon.email/.service.MailService }, 5), hasConnectivity = false, doBackground = true
04-09 15:20:26.304: W/KeyCharacterMap(3683): No keyboard for id 0
04-09 15:20:26.304: W/KeyCharacterMap(3683): Using default keymap: /system/usr/keychars/qwerty.kcm.bin
04-09 15:20:26.304: D/LAB126(1453): got back button softkey click!
04-09 15:20:26.304: D/LAB126(1453): collapse because of back button
04-09 15:20:26.304: D/LAB126(1453): collapse softkeys
04-09 15:20:26.343: W/InputManagerService(1386): Window already focused, ignoring focus gain of: com.android.internal.view.IInputMethodClient$Stub$Proxy@406eaab0
04-09 15:20:28.960: D/WifiStateTracker(1386): Reset connections and stopping DHCP
04-09 15:20:29.031: D/dalvikvm(3606): GC_EXPLICIT freed 83K, 50% free 2998K/5959K, external 847K/1181K, paused 31ms
04-09 15:20:29.062: D/WifiStateTracker(1386): Disabling interface
04-09 15:20:29.093: W/MobileDataStateTracker(1386): Ignoring feature request because could not acquire PhoneService
04-09 15:20:29.093: W/MobileDataStateTracker(1386): Could not enable APN type "default"
04-09 15:20:29.093: D/Tethering(1386): MasterInitialState.processMessage what=3
04-09 15:20:29.093: D/CaptiveWifiService(1386): SSID is null
04-09 15:20:29.093: I/CaptiveWifiService(1386): Connectivity action change network
04-09 15:20:29.093: I/StatusBarPolicy(1453): updateConnectivity: inetCondition = 0
04-09 15:20:29.125: I/MailService(3606): connected: AutoSync help is available, autoSync = true
04-09 15:20:29.125: I/MailService(3606): connected: final hasConnectivity is false
04-09 15:20:29.125: I/MailService(3606): reset next check to -1.
04-09 15:20:29.125: I/MailService(3606): MailService.onStart(Intent { act=com.amazon.email.intent.action.MAIL_SERVICE_CONNECTIVITY_CHANGE cmp=com.amazon.email/.service.MailService (has extras) }, 6), hasConnectivity = false, doBackground = true
04-09 15:20:29.359: D/LAB126(1453): got back button softkey click!
04-09 15:20:29.359: D/LAB126(1453): collapse because of back button
04-09 15:20:29.359: D/LAB126(1453): collapse softkeys
04-09 15:20:29.437: I/LAB126(1453): StatusBarService hears intent. action: com.lab126.intent.TOP_WINDOW_CHANGED
04-09 15:20:29.437: I/LAB126(1453): window changed
04-09 15:20:29.460: E/TiBaseActivity(3683): (main) [694585,2459410] Layout cleanup.
04-09 15:20:32.296: D/ActivityManager(1386): Starting: Intent { cmp=com.appcelerator.kitchensinknook/org.appcelerator.titanium.TiActivity (has extras) } from pid 3683
04-09 15:20:32.304: D/Window(3683): Loading window with URL: ../examples/table_view_headers.js
04-09 15:20:32.312: D/Module(3683): Loading module: ../examples/table_view_headers -> Resources/examples/table_view_headers.js
04-09 15:20:32.523: D/TiUIView(3683): (main) [3062,2462472] Nativeview is null
04-09 15:20:32.562: D/TiUIView(3683): (main) [43,2462515] Nativeview is null
04-09 15:20:32.601: I/LAB126(1453): StatusBarService hears intent. action: com.lab126.intent.TOP_WINDOW_CHANGED
04-09 15:20:32.601: I/LAB126(1453): window changed
04-09 15:20:32.617: D/LatinKeyboard(1462): Setting IME options
04-09 15:20:32.765: I/ActivityManager(1386): Displayed com.appcelerator.kitchensinknook/org.appcelerator.titanium.TiActivity: +473ms
04-09 15:20:33.859: V/WifiMonitor(1386): Event [Authentication with 00:00:00:00:00:00 timed out.]
04-09 15:20:33.859: V/WifiMonitor(1386): Event [CTRL-EVENT-STATE-CHANGE id=0 state=0 BSSID=00:00:00:00:00:00]
04-09 15:20:33.859: V/WifiStateTracker(1386): Changing supplicant state: DISCONNECTED ==> DISCONNECTED
04-09 15:20:33.859: V/WifiMonitor(1386): Event [CTRL-EVENT-STATE-CHANGE id=-1 state=2 BSSID=00:00:00:00:00:00]
04-09 15:20:33.859: V/WifiStateTracker(1386): Changing supplicant state: DISCONNECTED ==> SCANNING
04-09 15:20:33.875: I/MailService(3606): connected: AutoSync help is available, autoSync = true
04-09 15:20:33.875: I/MailService(3606): connected: final hasConnectivity is false
04-09 15:20:33.875: I/MailService(3606): reset next check to -1.
