?:??: W/?(?): --------- beginning of /dev/log/system
04-09 14:27:23.209: V/DeviceStorageMonitorService(1386): mTotalMemory is 11734999
04-09 14:28:03.350: W/Vold(1285): Ignoring unknown switch 'usb_mass_storage'
04-09 14:28:03.350: W/Vold(1285): Ignoring unknown switch 'usb_connected'
04-09 14:28:03.365: D/Vold(1285): USB disconnected
04-09 14:28:03.365: D/Vold(1285): Share method ums now unavailable
04-09 14:28:03.373: I/StorageNotification(1453): UMS connection changed to false (media state mounted)
04-09 14:28:03.373: I/StorageNotification(1453): In onUsbMassStorageConnectionChangedAsync, POP_UMS_ACTIVITY_ON_CONNECT=false
04-09 14:28:03.381: D/IconMerger(1453): sum of notifications: 0
04-09 14:28:23.209: V/DeviceStorageMonitorService(1386): mTotalMemory is 11734999
04-09 14:28:42.092: W/ProcessStats(1386): Skipping unknown process pid 3397
04-09 14:29:23.217: V/DeviceStorageMonitorService(1386): mTotalMemory is 11734999
04-09 14:30:12.443: I/ChargeProtectionService(1386): Battery discharging, resuming charging
04-09 14:30:23.217: V/DeviceStorageMonitorService(1386): mTotalMemory is 11734999
04-09 14:31:23.209: V/DeviceStorageMonitorService(1386): mTotalMemory is 11734999
04-09 14:32:23.209: V/DeviceStorageMonitorService(1386): mTotalMemory is 11734999
04-09 14:33:03.514: I/StorageNotification(1453): LockScreen: OnReceive
04-09 14:33:03.537: V/AlarmManager(1386): alarms: 2 type: RTC_WAKEUP
04-09 14:33:03.537: V/AlarmManager(1386): 0: Apr 09 02:33:18 pm android
04-09 14:33:03.537: V/AlarmManager(1386): 1: Apr 10 12:11:15 pm com.android.providers.calendar
04-09 14:33:08.945: I/WindowManager(1386): Setting rotation to 0, animFlags=1
04-09 14:33:08.968: I/ActivityManager(1386): Config changed: { scale=1.0 imsi=0/0 loc=en_US touch=3 keys=1/1/2 nav=1/1 orien=1 layout=268435491 uiMode=17 seq=20}
04-09 14:33:09.117: D/IconMerger(1453): sum of notifications: 0
04-09 14:33:18.906: I/StatusBarPolicy(1453): updateConnectivity: inetCondition = 0
04-09 14:33:18.960: I/WakelockDebugService(1386): Dumping PowerManager state
04-09 14:33:19.007: I/WakelockDebugService(1386): Power Manager State:
04-09 14:33:19.007: I/WakelockDebugService(1386): mIsPowered=false mPowerState=0 mScreenOffTime=15495 ms
04-09 14:33:19.007: I/WakelockDebugService(1386): mPartialCount=4
04-09 14:33:19.007: I/WakelockDebugService(1386): mWakeLockState=
04-09 14:33:19.007: I/WakelockDebugService(1386): mUserState=
04-09 14:33:19.007: I/WakelockDebugService(1386): mPowerState=
04-09 14:33:19.007: I/WakelockDebugService(1386): mLocks.gather=
04-09 14:33:19.007: I/WakelockDebugService(1386): mNextTimeout=3459229 now=3454533 4s from now
04-09 14:33:19.007: I/WakelockDebugService(1386): mDimScreen=true mStayOnConditions=0
04-09 14:33:19.007: I/WakelockDebugService(1386): mScreenOffReason=3 mUserState=0
04-09 14:33:19.007: I/WakelockDebugService(1386): mBroadcastQueue={-1,-1,-1}
04-09 14:33:19.007: I/WakelockDebugService(1386): mBroadcastWhy={0,0,0}
04-09 14:33:19.007: I/WakelockDebugService(1386): mPokey=0 mPokeAwakeonSet=false
04-09 14:33:19.007: I/WakelockDebugService(1386): mKeyboardVisible=false mUserActivityAllowed=false
04-09 14:33:19.007: I/WakelockDebugService(1386): mKeylightDelay=6000 mDimDelay=287000 mScreenOffDelay=7000
04-09 14:33:19.007: I/WakelockDebugService(1386): mPreventScreenOn=false mScreenBrightnessOverride=-1 mButtonBrightnessOverride=-1
04-09 14:33:19.007: I/WakelockDebugService(1386): mScreenOffTimeoutSetting=300000 mMaximumScreenOffTimeout=2147483647
04-09 14:33:19.007: I/WakelockDebugService(1386): mLastScreenOnTime=0
04-09 14:33:19.007: I/WakelockDebugService(1386): mBroadcastWakeLock=UnsynchronizedWakeLock(mFlags=0x1 mCount=0 mHeld=false)
04-09 14:33:19.007: I/WakelockDebugService(1386): mStayOnWhilePluggedInScreenDimLock=UnsynchronizedWakeLock(mFlags=0x6 mCount=0 mHeld=false)
04-09 14:33:19.007: I/WakelockDebugService(1386): mStayOnWhilePluggedInPartialLock=UnsynchronizedWakeLock(mFlags=0x1 mCount=0 mHeld=false)
04-09 14:33:19.007: I/WakelockDebugService(1386): mPreventScreenOnPartialLock=UnsynchronizedWakeLock(mFlags=0x1 mCount=0 mHeld=false)
04-09 14:33:19.007: I/WakelockDebugService(1386): mProximityPartialLock=UnsynchronizedWakeLock(mFlags=0x1 mCount=0 mHeld=false)
04-09 14:33:19.007: I/WakelockDebugService(1386): mProximityWakeLockCount=0
04-09 14:33:19.007: I/WakelockDebugService(1386): mProximitySensorEnabled=false
04-09 14:33:19.007: I/WakelockDebugService(1386): mProximitySensorActive=false
04-09 14:33:19.007: I/WakelockDebugService(1386): mProximityPendingValue=-1
04-09 14:33:19.007: I/WakelockDebugService(1386): mLastProximityEventTime=0
04-09 14:33:19.007: I/WakelockDebugService(1386): mLightSensorEnabled=false
04-09 14:33:19.007: I/WakelockDebugService(1386): mLightSensorValue=-1.0 mLightSensorPendingValue=-1.0
04-09 14:33:19.007: I/WakelockDebugService(1386): mLightSensorScreenBrightness=-1 mLightSensorButtonBrightness=-1 mLightSensorKeyboardBrightness=-1
04-09 14:33:19.007: I/WakelockDebugService(1386): mUseSoftwareAutoBrightness=true
04-09 14:33:19.007: I/WakelockDebugService(1386): mAutoBrightessEnabled=false
04-09 14:33:19.007: I/WakelockDebugService(1386): mScreenBrightness: animating=false targetValue=0 curValue=0.0 delta=-5.0
04-09 14:33:19.007: I/WakelockDebugService(1386): mLocks.size=4:
04-09 14:33:19.007: I/WakelockDebugService(1386): PARTIAL_WAKE_LOCK '*wifi*' activated (minState=0, uid=1000, pid=1386)
04-09 14:33:19.007: I/WakelockDebugService(1386): PARTIAL_WAKE_LOCK 'OTA Update' activated (minState=0, uid=32000, pid=1744)
04-09 14:33:19.007: I/WakelockDebugService(1386): PARTIAL_WAKE_LOCK 'CoreReceiver getWakeLock' activated (minState=0, uid=10019, pid=2887)
04-09 14:33:19.007: I/WakelockDebugService(1386): PARTIAL_WAKE_LOCK 'CoreService onStart' activated (minState=0, uid=10019, pid=2887)
04-09 14:33:19.007: I/WakelockDebugService(1386): mPokeLocks.size=0:
04-09 14:36:05.765: I/ChargeProtectionService(1386): Battery discharging, resuming charging
04-09 14:36:06.351: W/Vold(1285): Ignoring unknown switch 'usb_connected'
04-09 14:36:06.375: W/Vold(1285): Ignoring unknown switch 'usb_mass_storage'
04-09 14:36:06.375: D/Vold(1285): USB connected
04-09 14:36:06.375: D/Vold(1285): Share method ums now available
04-09 14:36:06.398: I/StorageNotification(1453): UMS connection changed to true (media state mounted)
04-09 14:36:06.398: I/StorageNotification(1453): In onUsbMassStorageConnectionChangedAsync, POP_UMS_ACTIVITY_ON_CONNECT=true
04-09 14:36:11.867: V/DeviceStorageMonitorService(1386): mTotalMemory is 11734999
04-09 14:36:12.226: D/WifiWatchdogService(1386): (android.server.ServerThread) 00:00:00:00:cd:d2 does not require the watchdog
04-09 14:36:12.242: I/StatusBarPolicy(1453): updateConnectivity: inetCondition = 0
04-09 14:36:12.981: I/ConnectivityService(1386): Sending INET_CONDITION_ACTION broadcast
04-09 14:36:12.981: I/StatusBarPolicy(1453): updateConnectivity: inetCondition = 1
04-09 14:36:14.341: I/StorageNotification(1453): LockScreen: OnReceive
04-09 14:36:14.341: D/StatusBarService(1453): Notification has fullScreenIntent; sending fullScreenIntent
04-09 14:36:14.341: D/ActivityManager(1386): Starting: Intent { flg=0x10000000 cmp=com.android.systemui/.usb.UsbStorageActivity } from pid -1
04-09 14:36:14.434: D/IconMerger(1453): notification for com.android.systemui (1)
04-09 14:36:14.434: D/IconMerger(1453): sum of notifications: 1
04-09 14:36:14.458: W/InputManagerService(1386): Window already focused, ignoring focus gain of: com.android.internal.view.IInputMethodClient$Stub$Proxy@40541498
04-09 14:36:14.536: D/VoldCmdListener(1285): volume shared /mnt/sdcard ums
04-09 14:36:14.552: I/LAB126(1453): StatusBarService hears intent. action: com.lab126.intent.TOP_WINDOW_CHANGED
04-09 14:36:14.552: I/LAB126(1453): window changed
04-09 14:36:14.552: I/LAB126(1453): don't set softkey config for 'Starting...' window
04-09 14:36:14.552: D/VoldCmdListener(1285): asec list
04-09 14:36:14.559: D/VoldCmdListener(1285): volume shared /mnt/sdcard ums
04-09 14:36:15.145: D/VoldCmdListener(1285): storage users /mnt/sdcard
04-09 14:36:15.208: I/LAB126(1453): StatusBarService hears intent. action: com.lab126.intent.TOP_WINDOW_CHANGED
04-09 14:36:15.208: I/LAB126(1453): window changed
04-09 14:36:15.309: W/ActivityManager(1386): Killing processes unmount media at adjustment 7
04-09 14:36:15.309: W/ActivityManager(1386): Killing ProcessRecord{406a1ac8 2848:com.cooliris.media/10018} (adj 13): unmount media
04-09 14:36:15.309: W/ActivityManager(1386): Killing ProcessRecord{406d8e00 2887:com.amazon.email/10019} (adj 9): unmount media
04-09 14:36:15.309: D/VoldCmdListener(1285): storage users /mnt/sdcard
04-09 14:36:15.419: D/VoldCmdListener(1285): storage users /mnt/sdcard
04-09 14:36:15.567: D/VoldCmdListener(1285): volume unmount /mnt/sdcard force
04-09 14:36:15.567: D/Vold(1285): Volume sdcard state changing 4 (Mounted) -> 5 (Unmounting)
04-09 14:36:15.575: I/ActivityManager(1386): Start proc com.cooliris.media for broadcast com.cooliris.media/com.cooliris.cache.BootReceiver: pid=3574 uid=10018 gids={1015, 3003}
04-09 14:36:16.567: I/Vold(1285): /mnt/secure/staging/.android_secure sucessfully unmounted
04-09 14:36:16.567: I/Vold(1285): /mnt/secure/asec sucessfully unmounted
04-09 14:36:16.661: I/Vold(1285): /mnt/secure/staging sucessfully unmounted
04-09 14:36:16.661: I/Vold(1285): /mnt/sdcard unmounted sucessfully
04-09 14:36:16.661: D/Vold(1285): Volume sdcard state changing 5 (Unmounting) -> 1 (Idle-Unmounted)
04-09 14:36:16.661: I/StorageNotification(1453): Media state changed from {mounted} -> {unmounted}
04-09 14:36:16.669: D/VoldCmdListener(1285): volume share /mnt/sdcard ums
04-09 14:36:16.669: D/Vold(1285): Volume sdcard state changing 1 (Idle-Unmounted) -> 7 (Shared-Unmounted)
04-09 14:36:16.669: W/MountService(1386): Duplicate state transition (unmounted -> unmounted)
04-09 14:36:16.739: D/VoldCmdListener(1285): volume shared /mnt/sdcard ums
04-09 14:36:16.739: D/VoldCmdListener(1285): volume share /mnt/sdcard ums
04-09 14:36:16.747: I/StorageNotification(1453): Media state changed from {unmounted} -> {shared}
04-09 14:36:16.747: E/MountService(1386): Failed to share/unshare
04-09 14:36:16.747: E/MountService(1386): com.android.server.NativeDaemonConnectorException: Cmd {volume share /mnt/sdcard ums} failed with code 405 : {volume operation failed (Device or resource busy)}
04-09 14:36:16.747: E/MountService(1386): at com.android.server.NativeDaemonConnector.doCommand(NativeDaemonConnector.java:259)
04-09 14:36:16.747: E/MountService(1386): at com.android.server.MountService.doShareUnshareVolume(MountService.java:508)
04-09 14:36:16.747: E/MountService(1386): at com.android.server.MountService.access$200(MountService.java:76)
04-09 14:36:16.747: E/MountService(1386): at com.android.server.MountService$UmsEnableCallBack.handleFinished(MountService.java:309)
04-09 14:36:16.747: E/MountService(1386): at com.android.server.MountService$MountServiceHandler.handleMessage(MountService.java:412)
04-09 14:36:16.747: E/MountService(1386): at android.os.Handler.dispatchMessage(Handler.java:99)
04-09 14:36:16.747: E/MountService(1386): at android.os.Looper.loop(Looper.java:130)
04-09 14:36:16.747: E/MountService(1386): at android.os.HandlerThread.run(HandlerThread.java:60)
04-09 14:36:16.747: D/IconMerger(1453): sum of notifications: 0
04-09 14:36:18.036: D/VoldCmdListener(1285): volume unshare /mnt/sdcard ums
04-09 14:36:18.036: D/Vold(1285): Volume sdcard state changing 7 (Shared-Unmounted) -> 1 (Idle-Unmounted)
04-09 14:36:18.075: I/StorageNotification(1453): Media state changed from {shared} -> {unmounted}
04-09 14:36:18.075: D/VoldCmdListener(1285): volume mount /mnt/sdcard
04-09 14:36:18.075: I/Vold(1285): /dev/block/vold/179:12 being considered for volume sdcard
04-09 14:36:18.075: D/Vold(1285): Volume sdcard state changing 1 (Idle-Unmounted) -> 3 (Checking)
04-09 14:36:18.106: I/LAB126(1453): StatusBarService hears intent. action: com.lab126.intent.TOP_WINDOW_CHANGED
04-09 14:36:18.106: I/LAB126(1453): window changed
04-09 14:36:19.794: D/IconMerger(1453): notification for com.android.systemui (1)
04-09 14:36:19.794: D/IconMerger(1453): sum of notifications: 1
04-09 14:36:20.036: I/Vold(1285): Filesystem check completed OK
04-09 14:36:20.044: I/Vold(1285): Device /dev/block/vold/179:12, target /mnt/sdcard mounted @ /mnt/secure/staging
04-09 14:36:20.044: D/Vold(1285): Volume sdcard state changing 3 (Checking) -> 4 (Mounted)
04-09 14:36:20.052: D/VoldCmdListener(1285): volume unshare /mnt/sdcard ums
04-09 14:36:20.052: W/Vold(1285): Returning OperationFailed - no handler for errno 22
04-09 14:36:20.052: D/VoldCmdListener(1285): volume shared /mnt/sdcard ums
04-09 14:36:20.052: E/MountService(1386): Failed to share/unshare
04-09 14:36:20.052: E/MountService(1386): com.android.server.NativeDaemonConnectorException: Cmd {volume unshare /mnt/sdcard ums} failed with code 400 : {volume operation failed (Invalid argument)}
04-09 14:36:20.052: E/MountService(1386): at com.android.server.NativeDaemonConnector.doCommand(NativeDaemonConnector.java:259)
04-09 14:36:20.052: E/MountService(1386): at com.android.server.MountService.doShareUnshareVolume(MountService.java:508)
04-09 14:36:20.052: E/MountService(1386): at com.android.server.MountService.setUsbMassStorageEnabled(MountService.java:1231)
04-09 14:36:20.052: E/MountService(1386): at android.os.storage.IMountService$Stub.onTransact(IMountService.java:683)
04-09 14:36:20.052: E/MountService(1386): at android.os.Binder.execTransact(Binder.java:320)
04-09 14:36:20.052: E/MountService(1386): at dalvik.system.NativeStart.run(Native Method)
04-09 14:36:20.059: I/StorageNotification(1453): Media state changed from {unmounted} -> {checking}
04-09 14:36:20.059: I/StorageNotification(1453): Media state changed from {checking} -> {mounted}
04-09 14:36:20.059: D/VoldCmdListener(1285): asec list
04-09 14:36:20.106: D/VoldCmdListener(1285): volume mount /mnt/sdcard
04-09 14:36:20.106: E/MountService(1386): Failed to remount /mnt/sdcard after disabling share method ums
04-09 14:36:20.114: W/PackageManager(1386): Not granting permission com.amazon.dcp.metrics.permission.METRICS_PERMISSION to package com.imdb.mobile (protectionLevel=2 flags=0x8be45)
04-09 14:36:20.114: W/PackageManager(1386): Unknown permission com.google.android.googleapps.permission.GOOGLE_AUTH.mail in package com.android.contacts
04-09 14:36:20.114: W/PackageManager(1386): Unknown permission android.permission.DEVICE_ADMIN in package com.lab126.otter
04-09 14:36:20.122: W/PackageManager(1386): Unknown permission com.google.android.googleapps.permission.GOOGLE_AUTH in package com.android.providers.calendar
04-09 14:36:20.122: W/PackageManager(1386): Unknown permission com.google.android.googleapps.permission.GOOGLE_AUTH.cl in package com.android.providers.calendar
04-09 14:36:20.122: W/PackageManager(1386): Unknown permission org.thialfihar.android.apg.permission.READ_KEY_DETAILS in package com.amazon.email
04-09 14:36:20.122: W/PackageManager(1386): Not granting permission com.amazon.dcp.metrics.permission.METRICS_PERMISSION to package com.cooliris.media (protectionLevel=2 flags=0x8bc45)
04-09 14:36:20.122: W/PackageManager(1386): Unknown permission com.google.android.googleapps.permission.GOOGLE_AUTH in package com.android.providers.contacts
04-09 14:36:20.122: W/PackageManager(1386): Unknown permission com.google.android.googleapps.permission.GOOGLE_AUTH.cp in package com.android.providers.contacts
04-09 14:36:20.122: W/PackageManager(1386): Unknown permission com.google.android.gm.permission.WRITE_GMAIL in package com.android.settings
04-09 14:36:20.122: W/PackageManager(1386): Unknown permission com.google.android.gm.permission.READ_GMAIL in package com.android.settings
04-09 14:36:20.122: W/PackageManager(1386): Unknown permission com.google.android.googleapps.permission.GOOGLE_AUTH in package com.android.settings
04-09 14:36:20.122: W/PackageManager(1386): Unknown permission com.android.launcher.permission.READ_SETTINGS in package com.android.settings
04-09 14:36:20.122: W/PackageManager(1386): Unknown permission com.android.launcher.permission.WRITE_SETTINGS in package com.android.settings
04-09 14:36:20.122: W/PackageManager(1386): Unknown permission com.android.launcher.permission.INSTALL_SHORTCUT in package com.amazon.cloud9
04-09 14:36:20.130: W/PackageManager(1386): Unknown permission android.webkit.permission.PLUGIN in package com.adobe.flashplayer
04-09 14:36:20.130: W/PackageManager(1386): Unknown permission com.google.android.providers.gmail.permission.WRITE_GMAIL in package com.qo.android.oemvc
04-09 14:36:20.130: W/PackageManager(1386): Unknown permission com.google.android.providers.gmail.permission.READ_GMAIL in package com.qo.android.oemvc
04-09 14:36:20.130: W/PackageManager(1386): Unknown permission com.google.android.gm.permission.READ_GMAIL in package com.qo.android.oemvc
04-09 14:36:20.130: W/PackageManager(1386): Unknown permission com.google.android.gm.permission.WRITE_GMAIL in package com.qo.android.oemvc
04-09 14:36:20.130: W/PackageManager(1386): Unknown permission android.permission.READ_OWNER_DATA in package com.qo.android.oemvc
04-09 14:36:20.130: W/PackageManager(1386): Unknown permission com.android.email.permission.ACCESS_PROVIDER in package com.qo.android.oemvc
04-09 14:36:20.130: W/PackageManager(1386): Unknown permission com.android.launcher.permission.INSTALL_SHORTCUT in package com.estrongs.android.pop
04-09 14:36:20.130: W/PackageManager(1386): Unknown permission com.android.launcher.permission.UNINSTALL_SHORTCUT in package com.estrongs.android.pop
04-09 14:36:20.130: W/PackageManager(1386): Unknown permission com.estrongs.android.pop.PERMISSION in package com.estrongs.android.pop
04-09 14:36:20.130: W/PackageManager(1386): Not granting permission com.amazon.dcp.metrics.permission.METRICS_PERMISSION to package com.alphonso.pulse (protectionLevel=2 flags=0x8be45)
04-09 14:36:20.716: I/ActivityManager(1386): Start proc com.amazon.email for broadcast com.amazon.email/.service.StorageReceiver: pid=3606 uid=10019 gids={3003, 1015}
04-09 14:36:23.098: D/IconMerger(1453): notification for com.android.systemui (1)
04-09 14:36:23.098: D/IconMerger(1453): sum of notifications: 1
04-09 14:36:28.497: W/ActivityManager(1386): No content provider found for:
04-09 14:36:28.677: W/ActivityManager(1386): No content provider found for:
04-09 14:36:29.973: I/ActivityManager(1386): Force stopping package com.appcelerator.kitchensinknook uid=10025
04-09 14:36:29.981: I/ActivityManager(1386): Force finishing activity HistoryRecord{407aacd8 com.appcelerator.kitchensinknook/org.appcelerator.titanium.TiActivity}
04-09 14:36:29.981: I/ActivityManager(1386): Force finishing activity HistoryRecord{406a4390 com.appcelerator.kitchensinknook/org.appcelerator.titanium.TiActivity}
04-09 14:36:29.981: I/ActivityManager(1386): Force finishing activity HistoryRecord{407bf190 com.appcelerator.kitchensinknook/ti.modules.titanium.ui.TiTabActivity}
04-09 14:36:29.981: I/ActivityManager(1386): Force finishing activity HistoryRecord{406b91d8 com.appcelerator.kitchensinknook/.KitchensinkNookActivity}
04-09 14:36:30.012: I/WindowManager(1386): WINDOW DIED Window{4079c2e0 com.appcelerator.kitchensinknook/com.appcelerator.kitchensinknook.KitchensinkNookActivity paused=true}
04-09 14:36:30.012: I/WindowManager(1386): WINDOW DIED Window{4079d8b0 com.appcelerator.kitchensinknook/ti.modules.titanium.ui.TiTabActivity paused=true}
04-09 14:36:30.012: I/WindowManager(1386): WINDOW DIED Window{406bd2e8 com.appcelerator.kitchensinknook/org.appcelerator.titanium.TiActivity paused=true}
04-09 14:36:30.637: W/WindowManager(1386): Failed looking up window
04-09 14:36:30.637: W/WindowManager(1386): java.lang.IllegalArgumentException: Requested window android.os.BinderProxy@406d9268 does not exist
04-09 14:36:30.637: W/WindowManager(1386): at com.android.server.WindowManagerService.windowForClientLocked(WindowManagerService.java:8177)
04-09 14:36:30.637: W/WindowManager(1386): at com.android.server.WindowManagerService.windowForClientLocked(WindowManagerService.java:8168)
04-09 14:36:30.637: W/WindowManager(1386): at com.android.server.WindowManagerService$WindowState$DeathRecipient.binderDied(WindowManagerService.java:7027)
04-09 14:36:30.637: W/WindowManager(1386): at android.os.BinderProxy.sendDeathNotice(Binder.java:381)
04-09 14:36:30.637: W/WindowManager(1386): at dalvik.system.NativeStart.run(Native Method)
04-09 14:36:30.637: I/WindowManager(1386): WIN DEATH: null
04-09 14:36:30.637: W/WindowManager(1386): Failed looking up window
04-09 14:36:30.637: W/WindowManager(1386): java.lang.IllegalArgumentException: Requested window android.os.BinderProxy@406a7990 does not exist
04-09 14:36:30.637: W/WindowManager(1386): at com.android.server.WindowManagerService.windowForClientLocked(WindowManagerService.java:8177)
04-09 14:36:30.637: W/WindowManager(1386): at com.android.server.WindowManagerService.windowForClientLocked(WindowManagerService.java:8168)
04-09 14:36:30.637: W/WindowManager(1386): at com.android.server.WindowManagerService$WindowState$DeathRecipient.binderDied(WindowManagerService.java:7027)
04-09 14:36:30.637: W/WindowManager(1386): at android.os.BinderProxy.sendDeathNotice(Binder.java:381)
04-09 14:36:30.637: W/WindowManager(1386): at dalvik.system.NativeStart.run(Native Method)
04-09 14:36:30.637: I/WindowManager(1386): WIN DEATH: null
04-09 14:36:30.637: I/WindowManager(1386): WIN DEATH: Window{406c2b00 com.appcelerator.kitchensinknook/org.appcelerator.titanium.TiActivity paused=true}
04-09 14:36:30.637: I/WindowManager(1386): WIN DEATH: Window{407dac50 com.appcelerator.kitchensinknook/org.appcelerator.titanium.TiActivity paused=false}
04-09 14:36:33.012: I/PackageManager(1386): Package com.appcelerator.kitchensinknook codePath changed; Retaining data and using new
04-09 14:36:33.012: I/PackageManager(1386): Unpacking native libraries for package com.appcelerator.kitchensinknook
04-09 14:36:33.145: W/InputManagerService(1386): Got RemoteException sending setActive(false) notification to pid 2654 uid 10025
04-09 14:36:33.231: I/LAB126(1453): StatusBarService hears intent. action: com.lab126.intent.TOP_WINDOW_CHANGED
04-09 14:36:33.231: I/LAB126(1453): window changed
04-09 14:36:36.184: I/ActivityManager(1386): Force stopping package com.appcelerator.kitchensinknook uid=10025
04-09 14:36:36.184: W/PackageManager(1386): Code path for pkg : com.appcelerator.kitchensinknook changed.
04-09 14:36:36.184: W/PackageManager(1386): Resource path for pkg : com.appcelerator.kitchensinknook changed.
04-09 14:36:36.786: I/ActivityManager(1386): Force stopping package com.appcelerator.kitchensinknook uid=10025
04-09 14:36:36.809: W/RecognitionManagerService(1386): no available voice recognition services found
04-09 14:37:11.934: V/DeviceStorageMonitorService(1386): mTotalMemory is 11734999
04-09 14:38:11.950: V/DeviceStorageMonitorService(1386): mTotalMemory is 11734999
04-09 14:39:11.341: I/WindowManager(1386): Setting rotation to 3, animFlags=0
04-09 14:39:11.364: I/ActivityManager(1386): Config changed: { scale=1.0 imsi=0/0 loc=en_US touch=3 keys=1/1/2 nav=1/1 orien=2 layout=268435491 uiMode=17 seq=21}
04-09 14:39:11.489: D/IconMerger(1453): notification for com.android.systemui (1)
04-09 14:39:11.489: D/IconMerger(1453): sum of notifications: 1
04-09 14:39:11.669: I/WindowManager(1386): Setting rotation to 0, animFlags=0
04-09 14:39:11.669: I/ActivityManager(1386): Config changed: { scale=1.0 imsi=0/0 loc=en_US touch=3 keys=1/1/2 nav=1/1 orien=1 layout=268435491 uiMode=17 seq=22}
04-09 14:39:11.731: D/IconMerger(1453): notification for com.android.systemui (1)
04-09 14:39:11.731: D/IconMerger(1453): sum of notifications: 1
04-09 14:39:11.942: V/DeviceStorageMonitorService(1386): mTotalMemory is 11734999
04-09 14:39:13.411: D/ActivityManager(1386): Starting: Intent { act=android.intent.action.MAIN cat=[android.intent.category.LAUNCHER] flg=0x10200000 pkg=com.appcelerator.kitchensinknook cmp=com.appcelerator.kitchensinknook/.KitchensinkNookActivity } from pid 1470
04-09 14:39:13.520: I/ActivityManager(1386): Start proc com.appcelerator.kitchensinknook for activity com.appcelerator.kitchensinknook/.KitchensinkNookActivity: pid=3683 uid=10025 gids={1015, 3003}
04-09 14:39:13.591: I/LAB126(1453): StatusBarService hears intent. action: com.lab126.intent.TOP_WINDOW_CHANGED
04-09 14:39:13.591: I/LAB126(1453): window changed
04-09 14:39:13.591: I/LAB126(1453): don't set softkey config for 'Starting...' window
04-09 14:39:14.536: D/ActivityManager(1386): Starting: Intent { cmp=com.appcelerator.kitchensinknook/ti.modules.titanium.ui.TiTabActivity (has extras) } from pid 3683
04-09 14:39:15.137: I/LAB126(1453): StatusBarService hears intent. action: com.lab126.intent.TOP_WINDOW_CHANGED
04-09 14:39:15.137: I/LAB126(1453): window changed
04-09 14:39:24.044: D/ActivityManager(1386): Starting: Intent { cmp=com.appcelerator.kitchensinknook/org.appcelerator.titanium.TiActivity (has extras) } from pid 3683
04-09 14:39:24.606: I/LAB126(1453): StatusBarService hears intent. action: com.lab126.intent.TOP_WINDOW_CHANGED
04-09 14:39:24.606: I/LAB126(1453): window changed
04-09 14:39:26.325: D/LAB126(1453): got back button softkey click!
04-09 14:39:26.325: D/LAB126(1453): collapse because of back button
04-09 14:39:26.325: D/LAB126(1453): collapse softkeys
04-09 14:39:26.419: I/LAB126(1453): StatusBarService hears intent. action: com.lab126.intent.TOP_WINDOW_CHANGED
04-09 14:39:26.419: I/LAB126(1453): window changed
04-09 14:39:27.442: D/LAB126(1453): got back button softkey click!
04-09 14:39:27.442: D/LAB126(1453): collapse because of back button
04-09 14:39:27.442: D/LAB126(1453): collapse softkeys
04-09 14:39:27.762: I/LAB126(1453): StatusBarService hears intent. action: com.lab126.intent.TOP_WINDOW_CHANGED
04-09 14:39:27.762: I/LAB126(1453): window changed
04-09 14:39:29.083: D/ActivityManager(1386): Starting: Intent { act=android.intent.action.MAIN cat=[android.intent.category.LAUNCHER] flg=0x10200000 pkg=com.appcelerator.kitchensinknook cmp=com.appcelerator.kitchensinknook/.KitchensinkNookActivity } from pid 1470
04-09 14:39:29.153: I/LAB126(1453): StatusBarService hears intent. action: com.lab126.intent.TOP_WINDOW_CHANGED
04-09 14:39:29.153: I/LAB126(1453): window changed
04-09 14:39:29.153: I/LAB126(1453): don't set softkey config for 'Starting...' window
04-09 14:39:29.872: D/ActivityManager(1386): Starting: Intent { cmp=com.appcelerator.kitchensinknook/ti.modules.titanium.ui.TiTabActivity (has extras) } from pid 3683
04-09 14:39:30.552: I/LAB126(1453): StatusBarService hears intent. action: com.lab126.intent.TOP_WINDOW_CHANGED
04-09 14:39:30.552: I/LAB126(1453): window changed
04-09 14:39:31.981: D/ActivityManager(1386): Starting: Intent { cmp=com.appcelerator.kitchensinknook/org.appcelerator.titanium.TiActivity (has extras) } from pid 3683
04-09 14:39:32.255: I/LAB126(1453): StatusBarService hears intent. action: com.lab126.intent.TOP_WINDOW_CHANGED
04-09 14:39:32.255: I/LAB126(1453): window changed
04-09 14:39:33.583: D/ActivityManager(1386): Starting: Intent { cmp=com.appcelerator.kitchensinknook/org.appcelerator.titanium.TiActivity (has extras) } from pid 3683
04-09 14:39:33.841: I/LAB126(1453): StatusBarService hears intent. action: com.lab126.intent.TOP_WINDOW_CHANGED
04-09 14:39:33.841: I/LAB126(1453): window changed
04-09 14:39:34.981: D/ActivityManager(1386): Starting: Intent { cmp=com.appcelerator.kitchensinknook/org.appcelerator.titanium.TiActivity (has extras) } from pid 3683
04-09 14:39:35.481: I/LAB126(1453): StatusBarService hears intent. action: com.lab126.intent.TOP_WINDOW_CHANGED
04-09 14:39:35.481: I/LAB126(1453): window changed
04-09 14:39:56.122: W/Vold(1285): Ignoring unknown switch 'usb_mass_storage'
04-09 14:39:56.137: W/Vold(1285): Ignoring unknown switch 'usb_connected'
04-09 14:39:56.145: D/Vold(1285): USB disconnected
04-09 14:39:56.145: D/Vold(1285): Share method ums now unavailable
04-09 14:39:56.153: I/StorageNotification(1453): UMS connection changed to false (media state mounted)
04-09 14:39:56.153: I/StorageNotification(1453): In onUsbMassStorageConnectionChangedAsync, POP_UMS_ACTIVITY_ON_CONNECT=false
04-09 14:39:56.153: D/IconMerger(1453): sum of notifications: 0
04-09 14:39:56.458: I/WindowManager(1386): Setting rotation to 3, animFlags=0
04-09 14:39:56.473: I/ActivityManager(1386): Config changed: { scale=1.0 imsi=0/0 loc=en_US touch=3 keys=1/1/2 nav=1/1 orien=2 layout=268435491 uiMode=17 seq=23}
04-09 14:39:56.575: D/IconMerger(1453): sum of notifications: 0
04-09 14:39:57.278: I/WindowManager(1386): Setting rotation to 0, animFlags=0
04-09 14:39:57.278: I/ActivityManager(1386): Config changed: { scale=1.0 imsi=0/0 loc=en_US touch=3 keys=1/1/2 nav=1/1 orien=1 layout=268435491 uiMode=17 seq=24}
04-09 14:39:57.364: D/IconMerger(1453): sum of notifications: 0
04-09 14:40:00.778: D/LAB126(1453): got back button softkey click!
04-09 14:40:00.778: D/LAB126(1453): collapse because of back button
04-09 14:40:00.778: D/LAB126(1453): collapse softkeys
04-09 14:40:01.036: I/LAB126(1453): StatusBarService hears intent. action: com.lab126.intent.TOP_WINDOW_CHANGED
04-09 14:40:01.036: I/LAB126(1453): window changed
04-09 14:40:02.622: D/ActivityManager(1386): Starting: Intent { cmp=com.appcelerator.kitchensinknook/org.appcelerator.titanium.TiActivity (has extras) } from pid 3683
04-09 14:40:02.895: I/LAB126(1453): StatusBarService hears intent. action: com.lab126.intent.TOP_WINDOW_CHANGED
04-09 14:40:02.895: I/LAB126(1453): window changed
04-09 14:40:07.825: D/LAB126(1453): got back button softkey click!
04-09 14:40:07.825: D/LAB126(1453): collapse because of back button
04-09 14:40:07.825: D/LAB126(1453): collapse softkeys
04-09 14:40:08.091: I/LAB126(1453): StatusBarService hears intent. action: com.lab126.intent.TOP_WINDOW_CHANGED
04-09 14:40:08.091: I/LAB126(1453): window changed
04-09 14:40:11.942: V/DeviceStorageMonitorService(1386): mTotalMemory is 11734999
04-09 14:40:12.145: D/ActivityManager(1386): Starting: Intent { cmp=com.appcelerator.kitchensinknook/org.appcelerator.titanium.TiActivity (has extras) } from pid 3683
04-09 14:40:12.356: I/LAB126(1453): StatusBarService hears intent. action: com.lab126.intent.TOP_WINDOW_CHANGED
04-09 14:40:12.356: I/LAB126(1453): window changed
04-09 14:41:09.583: I/ChargeProtectionService(1386): Battery discharging, resuming charging
04-09 14:41:11.942: V/DeviceStorageMonitorService(1386): mTotalMemory is 11734999
04-09 14:42:11.950: V/DeviceStorageMonitorService(1386): mTotalMemory is 11734999
04-09 14:43:11.942: V/DeviceStorageMonitorService(1386): mTotalMemory is 11734999
04-09 14:44:11.950: V/DeviceStorageMonitorService(1386): mTotalMemory is 11734999
04-09 14:44:14.005: D/LAB126(1453): got back button softkey click!
04-09 14:44:14.005: D/LAB126(1453): collapse because of back button
04-09 14:44:14.005: D/LAB126(1453): collapse softkeys
04-09 14:44:14.278: I/LAB126(1453): StatusBarService hears intent. action: com.lab126.intent.TOP_WINDOW_CHANGED
04-09 14:44:14.278: I/LAB126(1453): window changed
04-09 14:44:20.427: D/ActivityManager(1386): Starting: Intent { cmp=com.appcelerator.kitchensinknook/org.appcelerator.titanium.TiActivity (has extras) } from pid 3683
04-09 14:44:20.997: I/LAB126(1453): StatusBarService hears intent. action: com.lab126.intent.TOP_WINDOW_CHANGED
04-09 14:44:20.997: I/LAB126(1453): window changed
04-09 14:44:31.012: D/LAB126(1453): got back button softkey click!
04-09 14:44:31.012: D/LAB126(1453): collapse because of back button
04-09 14:44:31.012: D/LAB126(1453): collapse softkeys
04-09 14:44:31.091: I/LAB126(1453): StatusBarService hears intent. action: com.lab126.intent.TOP_WINDOW_CHANGED
04-09 14:44:31.091: I/LAB126(1453): window changed
04-09 14:44:36.872: D/ActivityManager(1386): Starting: Intent { cmp=com.appcelerator.kitchensinknook/org.appcelerator.titanium.TiActivity (has extras) } from pid 3683
04-09 14:44:37.200: I/LAB126(1453): StatusBarService hears intent. action: com.lab126.intent.TOP_WINDOW_CHANGED
04-09 14:44:37.200: I/LAB126(1453): window changed
04-09 14:45:11.942: V/DeviceStorageMonitorService(1386): mTotalMemory is 11734999
04-09 14:45:12.434: I/WindowManager(1386): Setting rotation to 3, animFlags=0
04-09 14:45:12.450: I/ActivityManager(1386): Config changed: { scale=1.0 imsi=0/0 loc=en_US touch=3 keys=1/1/2 nav=1/1 orien=2 layout=268435491 uiMode=17 seq=25}
04-09 14:45:12.614: D/IconMerger(1453): sum of notifications: 0
04-09 14:45:24.114: I/WindowManager(1386): Setting rotation to 0, animFlags=0
04-09 14:45:24.114: I/ActivityManager(1386): Config changed: { scale=1.0 imsi=0/0 loc=en_US touch=3 keys=1/1/2 nav=1/1 orien=1 layout=268435491 uiMode=17 seq=26}
04-09 14:45:24.309: D/IconMerger(1453): sum of notifications: 0
04-09 14:45:25.302: D/LAB126(1453): got back button softkey click!
04-09 14:45:25.302: D/LAB126(1453): collapse because of back button
04-09 14:45:25.302: D/LAB126(1453): collapse softkeys
04-09 14:45:25.591: I/LAB126(1453): StatusBarService hears intent. action: com.lab126.intent.TOP_WINDOW_CHANGED
04-09 14:45:25.591: I/LAB126(1453): window changed
04-09 14:45:27.528: D/LAB126(1453): got back button softkey click!
04-09 14:45:27.528: D/LAB126(1453): collapse because of back button
04-09 14:45:27.528: D/LAB126(1453): collapse softkeys
04-09 14:45:27.825: I/LAB126(1453): StatusBarService hears intent. action: com.lab126.intent.TOP_WINDOW_CHANGED
04-09 14:45:27.825: I/LAB126(1453): window changed
04-09 14:45:36.762: D/ActivityManager(1386): Starting: Intent { cmp=com.appcelerator.kitchensinknook/org.appcelerator.titanium.TiActivity (has extras) } from pid 3683
04-09 14:45:37.044: I/LAB126(1453): StatusBarService hears intent. action: com.lab126.intent.TOP_WINDOW_CHANGED
04-09 14:45:37.044: I/LAB126(1453): window changed
04-09 14:45:38.137: D/ActivityManager(1386): Starting: Intent { cmp=com.appcelerator.kitchensinknook/org.appcelerator.titanium.TiActivity (has extras) } from pid 3683
04-09 14:45:38.497: I/LAB126(1453): StatusBarService hears intent. action: com.lab126.intent.TOP_WINDOW_CHANGED
04-09 14:45:38.497: I/LAB126(1453): window changed
04-09 14:45:49.895: D/LAB126(1453): got back button softkey click!
04-09 14:45:49.895: D/LAB126(1453): collapse because of back button
04-09 14:45:49.895: D/LAB126(1453): collapse softkeys
04-09 14:45:49.981: I/LAB126(1453): StatusBarService hears intent. action: com.lab126.intent.TOP_WINDOW_CHANGED
04-09 14:45:49.981: I/LAB126(1453): window changed
04-09 14:45:52.559: D/ActivityManager(1386): Starting: Intent { cmp=com.appcelerator.kitchensinknook/org.appcelerator.titanium.TiActivity (has extras) } from pid 3683
04-09 14:45:53.052: I/LAB126(1453): StatusBarService hears intent. action: com.lab126.intent.TOP_WINDOW_CHANGED
04-09 14:45:53.052: I/LAB126(1453): window changed
04-09 14:46:02.255: D/LAB126(1453): got back button softkey click!
04-09 14:46:02.255: D/LAB126(1453): collapse because of back button
04-09 14:46:02.255: D/LAB126(1453): collapse softkeys
04-09 14:46:02.450: I/LAB126(1453): StatusBarService hears intent. action: com.lab126.intent.TOP_WINDOW_CHANGED
04-09 14:46:02.450: I/LAB126(1453): window changed
04-09 14:46:05.130: D/ActivityManager(1386): Starting: Intent { cmp=com.appcelerator.kitchensinknook/org.appcelerator.titanium.TiActivity (has extras) } from pid 3683
04-09 14:46:05.458: I/LAB126(1453): StatusBarService hears intent. action: com.lab126.intent.TOP_WINDOW_CHANGED
04-09 14:46:05.458: I/LAB126(1453): window changed
04-09 14:46:10.989: I/ChargeProtectionService(1386): Battery discharging, resuming charging
04-09 14:46:11.950: V/DeviceStorageMonitorService(1386): mTotalMemory is 11734999
04-09 14:46:27.856: I/ActivityManager(1386): Start proc com.amazon.cloud9 for service com.amazon.cloud9/.ConfigUpdateService: pid=3860 uid=32013 gids={3003, 1015}
04-09 14:47:11.950: V/DeviceStorageMonitorService(1386): mTotalMemory is 11734999
04-09 14:47:29.122: I/WindowManager(1386): Setting rotation to 3, animFlags=0
04-09 14:47:29.145: I/ActivityManager(1386): Config changed: { scale=1.0 imsi=0/0 loc=en_US touch=3 keys=1/1/2 nav=1/1 orien=2 layout=268435491 uiMode=17 seq=27}
04-09 14:47:29.333: D/IconMerger(1453): sum of notifications: 0
04-09 14:47:38.262: I/WindowManager(1386): Setting rotation to 0, animFlags=0
04-09 14:47:38.286: I/ActivityManager(1386): Config changed: { scale=1.0 imsi=0/0 loc=en_US touch=3 keys=1/1/2 nav=1/1 orien=1 layout=268435491 uiMode=17 seq=28}
04-09 14:47:38.567: D/IconMerger(1453): sum of notifications: 0
04-09 14:47:48.348: I/WindowManager(1386): Setting rotation to 3, animFlags=0
04-09 14:47:48.364: I/ActivityManager(1386): Config changed: { scale=1.0 imsi=0/0 loc=en_US touch=3 keys=1/1/2 nav=1/1 orien=2 layout=268435491 uiMode=17 seq=29}
04-09 14:47:48.645: D/IconMerger(1453): sum of notifications: 0
04-09 14:48:11.950: V/DeviceStorageMonitorService(1386): mTotalMemory is 11734999
04-09 14:49:11.958: V/DeviceStorageMonitorService(1386): mTotalMemory is 11734999
04-09 14:50:11.950: V/DeviceStorageMonitorService(1386): mTotalMemory is 11734999
04-09 14:51:11.958: V/DeviceStorageMonitorService(1386): mTotalMemory is 11734999
04-09 14:51:12.575: I/ChargeProtectionService(1386): Battery discharging, resuming charging
04-09 14:51:20.419: I/StorageNotification(1453): LockScreen: OnReceive
04-09 14:51:20.427: V/AlarmManager(1386): alarms: 2 type: RTC_WAKEUP
04-09 14:51:20.427: V/AlarmManager(1386): 0: Apr 09 02:51:35 pm android
04-09 14:51:20.427: V/AlarmManager(1386): 1: Apr 10 12:11:15 pm com.android.providers.calendar
04-09 14:51:25.898: I/WindowManager(1386): Setting rotation to 0, animFlags=1
04-09 14:51:25.914: I/ActivityManager(1386): Config changed: { scale=1.0 imsi=0/0 loc=en_US touch=3 keys=1/1/2 nav=1/1 orien=1 layout=268435491 uiMode=17 seq=30}
04-09 14:51:26.062: D/IconMerger(1453): sum of notifications: 0
04-09 14:51:26.742: I/WakelockDebugService(1386): Dumping PowerManager state
04-09 14:51:26.757: I/WakelockDebugService(1386): Power Manager State:
04-09 14:51:26.757: I/WakelockDebugService(1386): mIsPowered=false mPowerState=0 mScreenOffTime=6347 ms
04-09 14:51:26.757: I/WakelockDebugService(1386): mPartialCount=0
04-09 14:51:26.757: I/WakelockDebugService(1386): mWakeLockState=
04-09 14:51:26.757: I/WakelockDebugService(1386): mUserState=
04-09 14:51:26.757: I/WakelockDebugService(1386): mPowerState=
04-09 14:51:26.757: I/WakelockDebugService(1386): mLocks.gather=
04-09 14:51:26.757: I/WakelockDebugService(1386): mNextTimeout=4388837 now=4382691 6s from now
04-09 14:51:26.757: I/WakelockDebugService(1386): mDimScreen=true mStayOnConditions=0
04-09 14:51:26.757: I/WakelockDebugService(1386): mScreenOffReason=3 mUserState=0
04-09 14:51:26.757: I/WakelockDebugService(1386): mBroadcastQueue={-1,-1,-1}
04-09 14:51:26.757: I/WakelockDebugService(1386): mBroadcastWhy={0,0,0}
04-09 14:51:26.757: I/WakelockDebugService(1386): mPokey=0 mPokeAwakeonSet=false
04-09 14:51:26.757: I/WakelockDebugService(1386): mKeyboardVisible=false mUserActivityAllowed=false
04-09 14:51:26.757: I/WakelockDebugService(1386): mKeylightDelay=6000 mDimDelay=287000 mScreenOffDelay=7000
04-09 14:51:26.757: I/WakelockDebugService(1386): mPreventScreenOn=false mScreenBrightnessOverride=-1 mButtonBrightnessOverride=-1
04-09 14:51:26.757: I/WakelockDebugService(1386): mScreenOffTimeoutSetting=300000 mMaximumScreenOffTimeout=2147483647
04-09 14:51:26.757: I/WakelockDebugService(1386): mLastScreenOnTime=0
04-09 14:51:26.757: I/WakelockDebugService(1386): mBroadcastWakeLock=UnsynchronizedWakeLock(mFlags=0x1 mCount=0 mHeld=false)
04-09 14:51:26.757: I/WakelockDebugService(1386): mStayOnWhilePluggedInScreenDimLock=UnsynchronizedWakeLock(mFlags=0x6 mCount=0 mHeld=false)
04-09 14:51:26.757: I/WakelockDebugService(1386): mStayOnWhilePluggedInPartialLock=UnsynchronizedWakeLock(mFlags=0x1 mCount=0 mHeld=false)
04-09 14:51:26.757: I/WakelockDebugService(1386): mPreventScreenOnPartialLock=UnsynchronizedWakeLock(mFlags=0x1 mCount=0 mHeld=false)
04-09 14:51:26.757: I/WakelockDebugService(1386): mProximityPartialLock=UnsynchronizedWakeLock(mFlags=0x1 mCount=0 mHeld=false)
04-09 14:51:26.757: I/WakelockDebugService(1386): mProximityWakeLockCount=0
04-09 14:51:26.757: I/WakelockDebugService(1386): mProximitySensorEnabled=false
04-09 14:51:26.757: I/WakelockDebugService(1386): mProximitySensorActive=false
04-09 14:51:26.757: I/WakelockDebugService(1386): mProximityPendingValue=-1
04-09 14:51:26.757: I/WakelockDebugService(1386): mLastProximityEventTime=0
04-09 14:51:26.757: I/WakelockDebugService(1386): mLightSensorEnabled=false
04-09 14:51:26.757: I/WakelockDebugService(1386): mLightSensorValue=-1.0 mLightSensorPendingValue=-1.0
04-09 14:51:26.757: I/WakelockDebugService(1386): mLightSensorScreenBrightness=-1 mLightSensorButtonBrightness=-1 mLightSensorKeyboardBrightness=-1
04-09 14:51:26.757: I/WakelockDebugService(1386): mUseSoftwareAutoBrightness=true
04-09 14:51:26.757: I/WakelockDebugService(1386): mAutoBrightessEnabled=false
04-09 14:51:26.757: I/WakelockDebugService(1386): mScreenBrightness: animating=false targetValue=0 curValue=0.0 delta=-5.0
04-09 14:51:26.757: I/WakelockDebugService(1386): mLocks.size=0:
04-09 14:51:26.757: I/WakelockDebugService(1386): mPokeLocks.size=0:
04-09 14:51:35.648: I/StatusBarPolicy(1453): updateConnectivity: inetCondition = 0
04-09 14:58:23.796: I/ChargeProtectionService(1386): Battery discharging, resuming charging
04-09 14:58:24.867: I/StorageNotification(1453): LockScreen: OnReceive
04-09 14:58:24.882: W/InputManagerService(1386): Window already focused, ignoring focus gain of: com.android.internal.view.IInputMethodClient$Stub$Proxy@40713dd8
04-09 14:58:26.539: D/WifiWatchdogService(1386): (android.server.ServerThread) 00:00:00:00:cd:d2 does not require the watchdog
04-09 14:58:26.546: I/StatusBarPolicy(1453): updateConnectivity: inetCondition = 0
04-09 14:58:28.095: I/ConnectivityService(1386): Sending INET_CONDITION_ACTION broadcast
04-09 14:58:28.095: I/StatusBarPolicy(1453): updateConnectivity: inetCondition = 1
04-09 14:58:28.353: D/LAB126(1453): got back button softkey click!
04-09 14:58:28.353: D/LAB126(1453): collapse because of back button
04-09 14:58:28.353: D/LAB126(1453): collapse softkeys
04-09 14:58:28.423: I/LAB126(1453): StatusBarService hears intent. action: com.lab126.intent.TOP_WINDOW_CHANGED
04-09 14:58:28.423: I/LAB126(1453): window changed
04-09 14:58:33.439: D/ActivityManager(1386): Starting: Intent { cmp=com.appcelerator.kitchensinknook/org.appcelerator.titanium.TiActivity (has extras) } from pid 3683
04-09 14:58:33.970: I/LAB126(1453): StatusBarService hears intent. action: com.lab126.intent.TOP_WINDOW_CHANGED
04-09 14:58:33.970: I/LAB126(1453): window changed
04-09 14:58:33.970: I/LAB126(1453): --------- beginning of /dev/log/main
04-09 14:58:46.462: D/dalvikvm(1386): GC_CONCURRENT freed 1568K, 59% free 5293K/12679K, external 3636K/4541K, paused 3ms+4ms
04-09 14:58:46.642: D/dalvikvm(1386): GC_CONCURRENT freed 1555K, 59% free 5300K/12679K, external 3636K/4541K, paused 3ms+11ms
04-09 14:58:46.892: D/dalvikvm(1386): GC_CONCURRENT freed 1530K, 58% free 5333K/12679K, external 3636K/4541K, paused 2ms+4ms
04-09 14:58:47.048: D/dalvikvm(1386): GC_CONCURRENT freed 1602K, 59% free 5302K/12679K, external 3636K/4541K, paused 2ms+3ms
04-09 14:58:47.150: D/dalvikvm(1386): GC_CONCURRENT freed 1556K, 59% free 5306K/12679K, external 3636K/4541K, paused 2ms+3ms
04-09 14:58:47.236: D/dalvikvm(1386): GC_CONCURRENT freed 1550K, 59% free 5315K/12679K, external 3636K/4541K, paused 3ms+4ms
04-09 14:58:47.306: D/dalvikvm(1386): GC_CONCURRENT freed 1586K, 59% free 5294K/12679K, external 3636K/4541K, paused 2ms+4ms
04-09 14:58:52.040: D/dalvikvm(1918): GC_EXPLICIT freed 36K, 48% free 2910K/5511K, external 847K/1181K, paused 87ms
04-09 14:58:57.033: D/dalvikvm(2462): GC_EXPLICIT freed 94K, 49% free 2844K/5575K, external 847K/1181K, paused 28ms
04-09 14:58:58.681: V/DeviceStorageMonitorService(1386): mTotalMemory is 11734999
04-09 14:59:12.142: D/dalvikvm(1386): GC_CONCURRENT freed 1531K, 59% free 5261K/12679K, external 3636K/4541K, paused 2ms+4ms
04-09 14:59:30.993: D/LAB126(1453): got back button softkey click!
04-09 14:59:30.993: D/LAB126(1453): collapse because of back button
04-09 14:59:30.993: D/LAB126(1453): collapse softkeys
04-09 14:59:31.001: W/KeyCharacterMap(3683): No keyboard for id 0
04-09 14:59:31.001: W/KeyCharacterMap(3683): Using default keymap: /system/usr/keychars/qwerty.kcm.bin
04-09 14:59:31.165: I/LAB126(1453): StatusBarService hears intent. action: com.lab126.intent.TOP_WINDOW_CHANGED
04-09 14:59:31.165: I/LAB126(1453): window changed
04-09 14:59:31.337: E/TiBaseActivity(3683): (main) [57399,1201287] Layout cleanup.
04-09 14:59:32.759: D/dalvikvm(3683): GC_EXTERNAL_ALLOC freed 998K, 43% free 4860K/8519K, external 2184K/2204K, paused 47ms
04-09 14:59:34.517: D/ActivityManager(1386): Starting: Intent { cmp=com.appcelerator.kitchensinknook/org.appcelerator.titanium.TiActivity (has extras) } from pid 3683
04-09 14:59:34.533: D/Window(3683): Loading window with URL: ../examples/scroll_views_textareas.js
04-09 14:59:34.533: D/Module(3683): Loading module: ../examples/scroll_views_textareas -> Resources/examples/scroll_views_textareas.js
04-09 14:59:34.681: W/TiUIScrollView(3683): (main) [3342,1204629] Scroll direction could not be determined based on the provided view properties. Default VERTICAL scroll direction being used. Use the 'scrollType' property to explicitly set the scrolling direction.
04-09 14:59:34.798: D/TiUIView(3683): (main) [121,1204750] Nativeview is null
04-09 14:59:34.829: D/TiUIView(3683): (main) [28,1204778] Nativeview is null
04-09 14:59:34.876: I/LAB126(1453): StatusBarService hears intent. action: com.lab126.intent.TOP_WINDOW_CHANGED
04-09 14:59:34.876: I/LAB126(1453): window changed
04-09 14:59:34.915: D/LatinKeyboard(1462): Setting IME options
04-09 14:59:34.947: D/LatinKeyboard(1462): Setting IME options
04-09 14:59:35.048: D/dalvikvm(1462): GC_EXTERNAL_ALLOC freed 129K, 52% free 2930K/6087K, external 2517K/2654K, paused 37ms
04-09 14:59:35.048: I/ActivityManager(1386): Displayed com.appcelerator.kitchensinknook/org.appcelerator.titanium.TiActivity: +529ms
04-09 14:59:45.611: D/LatinKeyboard(1462): Setting IME options
04-09 14:59:46.165: D/LatinKeyboard(1462): Setting IME options
04-09 14:59:46.267: D/dalvikvm(1462): GC_EXTERNAL_ALLOC freed 34K, 53% free 2914K/6087K, external 3308K/3389K, paused 30ms
04-09 14:59:47.486: D/dalvikvm(1386): GC_CONCURRENT freed 1475K, 58% free 5340K/12679K, external 3636K/4541K, paused 3ms+4ms
04-09 14:59:47.626: D/dalvikvm(1386): GC_CONCURRENT freed 1630K, 59% free 5283K/12679K, external 3636K/4541K, paused 2ms+3ms
04-09 14:59:47.759: D/dalvikvm(1386): GC_CONCURRENT freed 1558K, 59% free 5283K/12679K, external 3636K/4541K, paused 3ms+3ms
04-09 14:59:47.884: D/dalvikvm(1386): GC_CONCURRENT freed 1559K, 59% free 5283K/12679K, external 3636K/4541K, paused 3ms+4ms
04-09 14:59:48.009: D/dalvikvm(1386): GC_CONCURRENT freed 1559K, 59% free 5283K/12679K, external 3636K/4541K, paused 3ms+3ms
04-09 14:59:48.126: D/dalvikvm(1386): GC_CONCURRENT freed 1557K, 59% free 5285K/12679K, external 3636K/4541K, paused 3ms+4ms
04-09 14:59:48.259: D/dalvikvm(1386): GC_CONCURRENT freed 1577K, 59% free 5259K/12679K, external 3636K/4541K, paused 2ms+3ms
04-09 14:59:48.384: D/dalvikvm(1386): GC_CONCURRENT freed 1518K, 59% free 5294K/12679K, external 3636K/4541K, paused 3ms+4ms
04-09 14:59:48.509: D/dalvikvm(1386): GC_CONCURRENT freed 1576K, 59% free 5279K/12679K, external 3636K/4541K, paused 3ms+5ms
04-09 14:59:48.587: D/dalvikvm(1386): GC_CONCURRENT freed 1568K, 59% free 5269K/12679K, external 3636K/4541K, paused 2ms+4ms
04-09 14:59:48.665: D/dalvikvm(1386): GC_CONCURRENT freed 1541K, 59% free 5277K/12679K, external 3636K/4541K, paused 3ms+4ms
04-09 14:59:50.790: D/LatinKeyboard(1462): Setting IME options
04-09 14:59:51.345: D/LatinKeyboard(1462): Setting IME options
04-09 14:59:51.447: D/dalvikvm(1462): GC_EXTERNAL_ALLOC freed 15K, 53% free 2914K/6087K, external 3308K/3394K, paused 30ms
04-09 14:59:52.345: I/dalvikvm(3683): Jit: resizing JitTable from 4096 to 8192
04-09 14:59:58.681: V/DeviceStorageMonitorService(1386): mTotalMemory is 11734999
04-09 15:00:32.439: W/ProcessStats(1386): Skipping unknown process pid 4113
04-09 15:00:48.822: D/dalvikvm(1386): GC_CONCURRENT freed 1504K, 59% free 5324K/12679K, external 3636K/4541K, paused 2ms+4ms
04-09 15:00:48.939: D/dalvikvm(1386): GC_CONCURRENT freed 1611K, 59% free 5283K/12679K, external 3636K/4541K, paused 3ms+4ms
04-09 15:00:49.079: D/dalvikvm(1386): GC_CONCURRENT freed 1563K, 59% free 5279K/12679K, external 3636K/4541K, paused 2ms+3ms
04-09 15:00:49.204: D/dalvikvm(1386): GC_CONCURRENT freed 1558K, 59% free 5273K/12679K, external 3636K/4541K, paused 3ms+4ms
04-09 15:00:49.329: D/dalvikvm(1386): GC_CONCURRENT freed 1516K, 59% free 5313K/12679K, external 3636K/4541K, paused 3ms+3ms
04-09 15:00:49.454: D/dalvikvm(1386): GC_CONCURRENT freed 1600K, 59% free 5280K/12679K, external 3636K/4541K, paused 2ms+4ms
04-09 15:00:49.587: D/dalvikvm(1386): GC_CONCURRENT freed 1560K, 59% free 5279K/12679K, external 3636K/4541K, paused 2ms+4ms
04-09 15:00:49.712: D/dalvikvm(1386): GC_CONCURRENT freed 1557K, 59% free 5279K/12679K, external 3636K/4541K, paused 2ms+4ms
04-09 15:00:49.806: D/dalvikvm(1386): GC_CONCURRENT freed 1554K, 59% free 5284K/12679K, external 3636K/4541K, paused 2ms+3ms
04-09 15:00:49.884: D/dalvikvm(1386): GC_CONCURRENT freed 1586K, 59% free 5255K/12679K, external 3636K/4541K, paused 3ms+4ms
04-09 15:00:49.954: D/dalvikvm(1386): GC_CONCURRENT freed 1531K, 59% free 5273K/12679K, external 3636K/4541K, paused 2ms+4ms
04-09 15:00:58.681: V/DeviceStorageMonitorService(1386): mTotalMemory is 11734999
04-09 15:01:19.501: D/LatinKeyboard(1462): Setting IME options
04-09 15:01:20.751: D/LatinKeyboard(1462): Setting IME options
