04-09 15:20:33.875: I/MailService(3606): MailService.onStart(Intent { act=com.amazon.email.intent.action.MAIL_SERVICE_CONNECTIVITY_CHANGE cmp=com.amazon.email/.service.MailService }, 7), hasConnectivity = false, doBackground = true
04-09 15:20:34.625: V/WifiMonitor(1386): Event [Trying to associate with 00:00:00:00:cd:d2 (SSID='f726f83774fbc40cf57292e223b621ee' freq=2412 MHz rssi=-64)]
04-09 15:20:34.625: V/WifiMonitor(1386): Event [CTRL-EVENT-STATE-CHANGE id=-1 state=3 BSSID=00:00:00:00:cd:d2]
04-09 15:20:34.625: V/WifiStateTracker(1386): Changing supplicant state: SCANNING ==> ASSOCIATING
04-09 15:20:34.632: I/MailService(3606): connected: AutoSync help is available, autoSync = true
04-09 15:20:34.632: I/MailService(3606): connected: final hasConnectivity is false
04-09 15:20:34.632: I/MailService(3606): reset next check to -1.
04-09 15:20:34.632: I/MailService(3606): MailService.onStart(Intent { act=com.amazon.email.intent.action.MAIL_SERVICE_CONNECTIVITY_CHANGE cmp=com.amazon.email/.service.MailService }, 8), hasConnectivity = false, doBackground = true
04-09 15:20:34.656: V/WifiMonitor(1386): Event [CTRL-EVENT-STATE-CHANGE id=0 state=4 BSSID=00:00:00:00:cd:d2]
04-09 15:20:34.656: V/WifiStateTracker(1386): Changing supplicant state: ASSOCIATING ==> ASSOCIATED
04-09 15:20:34.656: V/WifiMonitor(1386): Event [Associated with 00:00:00:00:cd:d2]
04-09 15:20:34.671: V/WifiMonitor(1386): Event [CTRL-EVENT-STATE-CHANGE id=0 state=5 BSSID=00:00:00:00:00:00]
04-09 15:20:34.671: V/WifiStateTracker(1386): Changing supplicant state: ASSOCIATED ==> FOUR_WAY_HANDSHAKE
04-09 15:20:34.671: I/MailService(3606): connected: AutoSync help is available, autoSync = true
04-09 15:20:34.671: I/MailService(3606): connected: final hasConnectivity is false
04-09 15:20:34.671: I/MailService(3606): reset next check to -1.
04-09 15:20:34.671: I/MailService(3606): MailService.onStart(Intent { act=com.amazon.email.intent.action.MAIL_SERVICE_CONNECTIVITY_CHANGE cmp=com.amazon.email/.service.MailService }, 9), hasConnectivity = false, doBackground = true
04-09 15:20:34.679: V/WifiMonitor(1386): Event [CTRL-EVENT-STATE-CHANGE id=0 state=5 BSSID=00:00:00:00:00:00]
04-09 15:20:34.679: V/WifiStateTracker(1386): Changing supplicant state: FOUR_WAY_HANDSHAKE ==> FOUR_WAY_HANDSHAKE
04-09 15:20:34.679: V/WifiMonitor(1386): Event [CTRL-EVENT-STATE-CHANGE id=0 state=6 BSSID=00:00:00:00:00:00]
04-09 15:20:34.679: V/WifiStateTracker(1386): Changing supplicant state: FOUR_WAY_HANDSHAKE ==> GROUP_HANDSHAKE
04-09 15:20:34.679: V/WifiMonitor(1386): Event [WPA: Key negotiation completed with 00:00:00:00:cd:d2 [PTK=CCMP GTK=CCMP]]
04-09 15:20:34.679: V/WifiMonitor(1386): Event [CTRL-EVENT-STATE-CHANGE id=0 state=7 BSSID=00:00:00:00:00:00]
04-09 15:20:34.679: V/WifiMonitor(1386): Event [CTRL-EVENT-CONNECTED - Connection to 00:00:00:00:cd:d2 completed (reauth) [id=0 id_str=]]
04-09 15:20:34.679: V/WifiStateTracker(1386): Changing supplicant state: GROUP_HANDSHAKE ==> COMPLETED
04-09 15:20:34.679: V/WifiStateTracker(1386): New network state is CONNECTED
04-09 15:20:34.679: W/BluetoothHeadset(1386): Proxy not attached to service
04-09 15:20:34.679: W/BluetoothHeadset(1386): Proxy not attached to service
04-09 15:20:34.687: I/MailService(3606): connected: AutoSync help is available, autoSync = true
04-09 15:20:34.687: I/MailService(3606): connected: final hasConnectivity is false
04-09 15:20:34.687: I/MailService(3606): reset next check to -1.
04-09 15:20:34.687: I/MailService(3606): MailService.onStart(Intent { act=com.amazon.email.intent.action.MAIL_SERVICE_CONNECTIVITY_CHANGE cmp=com.amazon.email/.service.MailService }, 10), hasConnectivity = false, doBackground = true
04-09 15:20:34.703: I/MailService(3606): connected: AutoSync help is available, autoSync = true
04-09 15:20:34.703: I/MailService(3606): connected: final hasConnectivity is false
04-09 15:20:34.703: I/MailService(3606): reset next check to -1.
04-09 15:20:34.703: I/MailService(3606): MailService.onStart(Intent { act=com.amazon.email.intent.action.MAIL_SERVICE_CONNECTIVITY_CHANGE cmp=com.amazon.email/.service.MailService }, 11), hasConnectivity = false, doBackground = true
04-09 15:20:34.710: I/MailService(3606): connected: AutoSync help is available, autoSync = true
04-09 15:20:34.710: I/MailService(3606): connected: final hasConnectivity is false
04-09 15:20:34.710: I/MailService(3606): reset next check to -1.
04-09 15:20:34.710: I/MailService(3606): MailService.onStart(Intent { act=com.amazon.email.intent.action.MAIL_SERVICE_CONNECTIVITY_CHANGE cmp=com.amazon.email/.service.MailService }, 12), hasConnectivity = false, doBackground = true
04-09 15:20:34.750: D/WifiStateTracker(1386): DHCP request started
04-09 15:20:34.945: D/WifiStateTracker(1386): DHCP succeeded with lease: 86400
04-09 15:20:34.953: V/WifiStateTracker(1386): IP configuration: ipaddr 356ec533e2bf4adeffee9a984c2bd616 gateway ef732347a3b80e1044239931cb334014 netmask ed3bdde9befbd395a8ca72c27662afa5 dns1 1f02a01daf67fdc770c040c348975477 dns2 5cdc1ecb5d38eabba89b6664197e20c7 DHCP server e602dc19c659395718beca6059907cc1 lease 86400 seconds
04-09 15:20:34.960: I/TimeService(1386): updating system time
04-09 15:20:34.960: D/Tethering(1386): MasterInitialState.processMessage what=3
04-09 15:20:34.960: D/WifiWatchdogService(1386): (android.server.ServerThread) 00:00:00:00:cd:d2 does not require the watchdog
04-09 15:20:34.968: I/CaptiveWifiService(1386): Connectivity action new network
04-09 15:20:34.968: I/StatusBarPolicy(1453): updateConnectivity: inetCondition = 0
04-09 15:20:35.062: I/TimeService(1386): NTP query, time result=1334010035275
04-09 15:20:35.062: I/MailService(3606): connected: network state is CONNECTED, is available is true
04-09 15:20:35.062: D/SystemClock(1386): Setting time of day to sec=1334010035
04-09 15:20:35.275: D/dalvikvm(1386): GC_CONCURRENT freed 1598K, 58% free 5393K/12679K, external 3841K/5521K, paused 2ms+8ms
04-09 15:20:35.282: I/MailService(3606): connected: AutoSync help is available, autoSync = true
04-09 15:20:35.298: I/MailService(3606): connected: wifi -63
04-09 15:20:35.298: I/MailService(3606): connected: final hasConnectivity is true
04-09 15:20:35.298: I/MailService(3606): MailService.onStart(Intent { act=com.amazon.email.intent.action.MAIL_SERVICE_CONNECTIVITY_CHANGE cmp=com.amazon.email/.service.MailService (has extras) }, 13), hasConnectivity = true, doBackground = true
04-09 15:20:35.345: I/CaptiveWifiService(1386): Connected to Internet
04-09 15:20:35.845: I/ConnectivityService(1386): Sending INET_CONDITION_ACTION broadcast
04-09 15:20:35.853: I/StatusBarPolicy(1453): updateConnectivity: inetCondition = 1
04-09 15:20:36.790: D/dalvikvm(3683): GC_EXTERNAL_ALLOC freed 652K, 38% free 6165K/9863K, external 1861K/1919K, paused 64ms
04-09 15:20:36.853: D/dalvikvm(3683): GC_EXTERNAL_ALLOC freed 30K, 38% free 6136K/9863K, external 2194K/2214K, paused 56ms
04-09 15:20:36.931: D/dalvikvm(3683): GC_EXTERNAL_ALLOC freed 16K, 38% free 6137K/9863K, external 2307K/2369K, paused 62ms
04-09 15:20:37.001: D/dalvikvm(3683): GC_EXTERNAL_ALLOC freed <1K, 38% free 6137K/9863K, external 2461K/2481K, paused 62ms
04-09 15:20:37.095: D/dalvikvm(3683): GC_EXTERNAL_ALLOC freed 29K, 38% free 6143K/9863K, external 2686K/2687K, paused 63ms
04-09 15:20:37.181: D/dalvikvm(3683): GC_EXTERNAL_ALLOC freed 19K, 38% free 6146K/9863K, external 2503K/2565K, paused 60ms
04-09 15:20:37.275: D/dalvikvm(3683): GC_EXTERNAL_ALLOC freed 13K, 38% free 6148K/9863K, external 2503K/2600K, paused 73ms
04-09 15:20:37.360: D/dalvikvm(3683): GC_EXTERNAL_ALLOC freed 30K, 38% free 6141K/9863K, external 2574K/2600K, paused 56ms
04-09 15:20:37.431: D/dalvikvm(3683): GC_EXTERNAL_ALLOC freed 15K, 38% free 6142K/9863K, external 2686K/2687K, paused 55ms
04-09 15:20:37.509: D/dalvikvm(3683): GC_EXTERNAL_ALLOC freed 15K, 38% free 6142K/9863K, external 2616K/2652K, paused 56ms
04-09 15:20:37.579: D/dalvikvm(3683): GC_EXTERNAL_ALLOC freed 15K, 38% free 6142K/9863K, external 2574K/2652K, paused 55ms
04-09 15:20:37.642: D/dalvikvm(3683): GC_EXTERNAL_ALLOC freed <1K, 38% free 6142K/9863K, external 2503K/2523K, paused 55ms
04-09 15:20:37.712: D/dalvikvm(3683): GC_EXTERNAL_ALLOC freed <1K, 38% free 6142K/9863K, external 2532K/2600K, paused 56ms
04-09 15:20:37.782: D/dalvikvm(3683): GC_EXTERNAL_ALLOC freed <1K, 38% free 6142K/9863K, external 2686K/2687K, paused 55ms
04-09 15:20:37.845: D/dalvikvm(3683): GC_EXTERNAL_ALLOC freed <1K, 38% free 6142K/9863K, external 2728K/2740K, paused 55ms
04-09 15:20:37.915: D/dalvikvm(3683): GC_EXTERNAL_ALLOC freed <1K, 38% free 6142K/9863K, external 2616K/2652K, paused 55ms
04-09 15:20:37.993: D/dalvikvm(3683): GC_EXTERNAL_ALLOC freed 1K, 38% free 6142K/9863K, external 2728K/2740K, paused 56ms
04-09 15:20:40.775: D/dalvikvm(1462): GC_EXTERNAL_ALLOC freed 16K, 52% free 2926K/6087K, external 3308K/3394K, paused 24ms
04-09 15:20:41.689: W/KeyCharacterMap(3683): No keyboard for id 0
04-09 15:20:41.689: W/KeyCharacterMap(3683): Using default keymap: /system/usr/keychars/qwerty.kcm.bin
04-09 15:20:41.689: D/LAB126(1453): got back button softkey click!
04-09 15:20:41.689: D/LAB126(1453): collapse because of back button
04-09 15:20:41.689: D/LAB126(1453): collapse softkeys
04-09 15:20:41.759: I/LAB126(1453): StatusBarService hears intent. action: com.lab126.intent.TOP_WINDOW_CHANGED
04-09 15:20:41.759: I/LAB126(1453): window changed
04-09 15:20:41.939: E/TiBaseActivity(3683): (main) [9374,2471889] Layout cleanup.
04-09 15:20:45.673: D/ActivityManager(1386): Starting: Intent { cmp=com.appcelerator.kitchensinknook/org.appcelerator.titanium.TiActivity (has extras) } from pid 3683
04-09 15:20:45.681: D/Window(3683): Loading window with URL: ../examples/table_view_footers.js
04-09 15:20:45.681: D/Module(3683): Loading module: ../examples/table_view_footers -> Resources/examples/table_view_footers.js
04-09 15:20:45.845: D/TiUIView(3683): (main) [3902,2475791] Nativeview is null
04-09 15:20:45.868: D/TiUIView(3683): (main) [24,2475815] Nativeview is null
04-09 15:20:45.900: I/LAB126(1453): StatusBarService hears intent. action: com.lab126.intent.TOP_WINDOW_CHANGED
04-09 15:20:45.900: I/LAB126(1453): window changed
04-09 15:20:46.071: I/ActivityManager(1386): Displayed com.appcelerator.kitchensinknook/org.appcelerator.titanium.TiActivity: +400ms
04-09 15:20:51.470: D/LAB126(1453): got back button softkey click!
04-09 15:20:51.470: D/LAB126(1453): collapse because of back button
04-09 15:20:51.470: D/LAB126(1453): collapse softkeys
04-09 15:20:52.095: I/LAB126(1453): StatusBarService hears intent. action: com.lab126.intent.TOP_WINDOW_CHANGED
04-09 15:20:52.095: I/LAB126(1453): window changed
04-09 15:20:52.275: E/TiBaseActivity(3683): (main) [6412,2482227] Layout cleanup.
04-09 15:20:55.142: D/ActivityManager(1386): Starting: Intent { cmp=com.appcelerator.kitchensinknook/org.appcelerator.titanium.TiActivity (has extras) } from pid 3683
04-09 15:20:55.150: D/Window(3683): Loading window with URL: ../examples/table_view_api_basic.js
04-09 15:20:55.157: D/Module(3683): Loading module: ../examples/table_view_api_basic -> Resources/examples/table_view_api_basic.js
04-09 15:20:55.314: D/TiUIView(3683): (main) [3036,2485263] Nativeview is null
04-09 15:20:55.337: D/TiUIView(3683): (main) [21,2485284] Nativeview is null
04-09 15:20:55.368: I/LAB126(1453): StatusBarService hears intent. action: com.lab126.intent.TOP_WINDOW_CHANGED
04-09 15:20:55.368: I/LAB126(1453): window changed
04-09 15:20:55.540: I/ActivityManager(1386): Displayed com.appcelerator.kitchensinknook/org.appcelerator.titanium.TiActivity: +393ms
04-09 15:21:02.790: D/LAB126(1453): got back button softkey click!
04-09 15:21:02.790: D/LAB126(1453): collapse because of back button
04-09 15:21:02.790: D/LAB126(1453): collapse softkeys
04-09 15:21:03.220: I/LAB126(1453): StatusBarService hears intent. action: com.lab126.intent.TOP_WINDOW_CHANGED
04-09 15:21:03.220: I/LAB126(1453): window changed
04-09 15:21:03.400: E/TiBaseActivity(3683): (main) [8063,2493347] Layout cleanup.
04-09 15:21:05.579: D/ActivityManager(1386): Starting: Intent { cmp=com.appcelerator.kitchensinknook/org.appcelerator.titanium.TiActivity (has extras) } from pid 3683
04-09 15:21:05.587: D/Window(3683): Loading window with URL: ../examples/table_view_api_custom_rowheader.js
04-09 15:21:05.587: D/Module(3683): Loading module: ../examples/table_view_api_custom_rowheader -> Resources/examples/table_view_api_custom_rowheader.js
04-09 15:21:05.751: D/TiUIView(3683): (main) [2351,2495698] Nativeview is null
04-09 15:21:05.775: D/TiUIView(3683): (main) [27,2495725] Nativeview is null
04-09 15:21:05.806: I/LAB126(1453): StatusBarService hears intent. action: com.lab126.intent.TOP_WINDOW_CHANGED
04-09 15:21:05.806: I/LAB126(1453): window changed
04-09 15:21:05.993: I/ActivityManager(1386): Displayed com.appcelerator.kitchensinknook/org.appcelerator.titanium.TiActivity: +408ms
04-09 15:21:11.696: V/DeviceStorageMonitorService(1386): mTotalMemory is 11734999
04-09 15:21:13.470: D/LAB126(1453): got back button softkey click!
04-09 15:21:13.470: D/LAB126(1453): collapse because of back button
04-09 15:21:13.470: D/LAB126(1453): collapse softkeys
04-09 15:21:13.907: I/LAB126(1453): StatusBarService hears intent. action: com.lab126.intent.TOP_WINDOW_CHANGED
04-09 15:21:13.907: I/LAB126(1453): window changed
04-09 15:21:14.095: E/TiBaseActivity(3683): (main) [8318,2504043] Layout cleanup.
04-09 15:21:19.267: D/ActivityManager(1386): Starting: Intent { cmp=com.appcelerator.kitchensinknook/org.appcelerator.titanium.TiActivity (has extras) } from pid 3683
04-09 15:21:19.650: D/Window(3683): Loading window with URL: ../examples/table_view_section_header.js
04-09 15:21:19.650: D/Module(3683): Loading module: ../examples/table_view_section_header -> Resources/examples/table_view_section_header.js
04-09 15:21:19.759: E/TiAPI(3683): !!!
04-09 15:21:19.759: E/TiAPI(3683): !!! WARNING : Use of unsupported constant Ti.UI.iPhone.TableViewStyle.GROUPED !!!
04-09 15:21:19.759: E/TiAPI(3683): !!!
04-09 15:21:19.790: D/TiUIView(3683): (main) [5698,2509741] Nativeview is null
04-09 15:21:19.814: D/TiUIView(3683): (main) [23,2509764] Nativeview is null
04-09 15:21:19.845: I/LAB126(1453): StatusBarService hears intent. action: com.lab126.intent.TOP_WINDOW_CHANGED
04-09 15:21:19.845: I/LAB126(1453): window changed
04-09 15:21:20.025: I/ActivityManager(1386): Displayed com.appcelerator.kitchensinknook/org.appcelerator.titanium.TiActivity: +752ms
04-09 15:21:24.275: D/dalvikvm(1386): GC_CONCURRENT freed 1596K, 58% free 5435K/12679K, external 3841K/5521K, paused 2ms+14ms
04-09 15:21:24.525: D/dalvikvm(1386): GC_CONCURRENT freed 1718K, 58% free 5365K/12679K, external 3841K/5521K, paused 6ms+4ms
04-09 15:21:24.657: D/dalvikvm(1386): GC_CONCURRENT freed 1638K, 58% free 5359K/12679K, external 3841K/5521K, paused 2ms+4ms
04-09 15:21:24.790: D/dalvikvm(1386): GC_CONCURRENT freed 1630K, 58% free 5358K/12679K, external 3841K/5521K, paused 2ms+4ms
04-09 15:21:24.860: D/LAB126(1453): got back button softkey click!
04-09 15:21:24.860: D/LAB126(1453): collapse because of back button
04-09 15:21:24.860: D/LAB126(1453): collapse softkeys
04-09 15:21:24.978: D/dalvikvm(1386): GC_CONCURRENT freed 1568K, 58% free 5358K/12679K, external 3841K/5521K, paused 3ms+3ms
04-09 15:21:25.134: D/dalvikvm(1386): GC_CONCURRENT freed 1630K, 58% free 5358K/12679K, external 3841K/5521K, paused 3ms+3ms
04-09 15:21:25.321: D/dalvikvm(1386): GC_CONCURRENT freed 1512K, 58% free 5357K/12679K, external 3841K/5521K, paused 3ms+3ms
04-09 15:21:25.337: I/LAB126(1453): StatusBarService hears intent. action: com.lab126.intent.TOP_WINDOW_CHANGED
04-09 15:21:25.337: I/LAB126(1453): window changed
04-09 15:21:25.493: D/dalvikvm(1386): GC_CONCURRENT freed 1626K, 58% free 5360K/12679K, external 3841K/5521K, paused 3ms+4ms
04-09 15:21:25.509: E/TiBaseActivity(3683): (main) [5696,2515460] Layout cleanup.
04-09 15:21:25.634: D/dalvikvm(1386): GC_CONCURRENT freed 1645K, 58% free 5345K/12679K, external 3841K/5521K, paused 2ms+4ms
04-09 15:21:25.720: D/dalvikvm(1386): GC_CONCURRENT freed 1585K, 58% free 5371K/12679K, external 3841K/5521K, paused 2ms+4ms
04-09 15:21:25.790: D/dalvikvm(1386): GC_CONCURRENT freed 1624K, 58% free 5372K/12679K, external 3841K/5521K, paused 2ms+3ms
04-09 15:21:28.485: D/ActivityManager(1386): Starting: Intent { cmp=com.appcelerator.kitchensinknook/org.appcelerator.titanium.TiActivity (has extras) } from pid 3683
04-09 15:21:28.493: D/Window(3683): Loading window with URL: ../examples/table_view_api_emptydata.js
04-09 15:21:28.501: D/Module(3683): Loading module: ../examples/table_view_api_emptydata -> Resources/examples/table_view_api_emptydata.js
04-09 15:21:28.712: D/TiUIView(3683): (main) [3199,2518659] Nativeview is null
04-09 15:21:28.728: D/TiUIView(3683): (main) [20,2518679] Nativeview is null
04-09 15:21:28.759: I/LAB126(1453): StatusBarService hears intent. action: com.lab126.intent.TOP_WINDOW_CHANGED
04-09 15:21:28.759: I/LAB126(1453): window changed
04-09 15:21:28.939: I/ActivityManager(1386): Displayed com.appcelerator.kitchensinknook/org.appcelerator.titanium.TiActivity: +445ms
04-09 15:21:31.251: D/LAB126(1453): got back button softkey click!
04-09 15:21:31.251: D/LAB126(1453): collapse because of back button
04-09 15:21:31.251: D/LAB126(1453): collapse softkeys
04-09 15:21:31.704: I/LAB126(1453): StatusBarService hears intent. action: com.lab126.intent.TOP_WINDOW_CHANGED
04-09 15:21:31.704: I/LAB126(1453): window changed
04-09 15:21:31.892: E/TiBaseActivity(3683): (main) [3160,2521839] Layout cleanup.
04-09 15:21:34.142: D/ActivityManager(1386): Starting: Intent { cmp=com.appcelerator.kitchensinknook/org.appcelerator.titanium.TiActivity (has extras) } from pid 3683
04-09 15:21:34.642: W/ActivityManager(1386): Activity pause timeout for HistoryRecord{40852e90 com.appcelerator.kitchensinknook/org.appcelerator.titanium.TiActivity}
04-09 15:21:43.384: I/InputDispatcher(1386): Application is not responding: AppWindowToken{409cd4b8 token=HistoryRecord{407298a8 com.appcelerator.kitchensinknook/org.appcelerator.titanium.TiActivity}}. 5004.3ms since event, 5004.2ms since wait started
04-09 15:21:43.384: I/WindowManager(1386): Input event dispatching timed out sending to application AppWindowToken{409cd4b8 token=HistoryRecord{407298a8 com.appcelerator.kitchensinknook/org.appcelerator.titanium.TiActivity}}
04-09 15:21:43.392: I/Process(1386): Sending signal. PID: 3683 SIG: 3
04-09 15:21:43.392: I/dalvikvm(3683): threadid=4: reacting to signal 3
04-09 15:21:43.392: I/dalvikvm(3683): Wrote stack traces to '/data/anr/traces.txt'
04-09 15:21:43.392: I/Process(1386): Sending signal. PID: 1386 SIG: 3
04-09 15:21:43.392: I/dalvikvm(1386): threadid=4: reacting to signal 3
04-09 15:21:43.407: I/dalvikvm(1386): Wrote stack traces to '/data/anr/traces.txt'
04-09 15:21:43.407: I/Process(1386): Sending signal. PID: 1453 SIG: 3
04-09 15:21:43.407: I/dalvikvm(1453): threadid=4: reacting to signal 3
04-09 15:21:43.407: I/dalvikvm(1453): Wrote stack traces to '/data/anr/traces.txt'
04-09 15:21:43.532: D/dalvikvm(1386): GC_CONCURRENT freed 1489K, 57% free 5516K/12679K, external 3841K/5521K, paused 2ms+5ms
04-09 15:21:43.610: D/dalvikvm(1386): GC_EXPLICIT freed 158K, 57% free 5541K/12679K, external 3841K/5521K, paused 51ms
04-09 15:21:44.142: I/InputDispatcher(1386): Dropping event because the pointer is not down.
04-09 15:21:44.142: I/InputDispatcher(1386): Dropping event because the pointer is not down.
04-09 15:21:44.142: E/ActivityManager(1386): ANR in com.appcelerator.kitchensinknook (com.appcelerator.kitchensinknook/org.appcelerator.titanium.TiActivity)
04-09 15:21:44.142: E/ActivityManager(1386): Reason: keyDispatchingTimedOut
04-09 15:21:44.142: E/ActivityManager(1386): Load: 0.37 / 0.25 / 0.26
04-09 15:21:44.142: E/ActivityManager(1386): CPU usage from 8880ms to 3848ms ago:
04-09 15:21:44.142: E/ActivityManager(1386): 3.5% 3683/com.appcelerator.kitchensinknook: 2.1% user + 1.3% kernel / faults: 72 minor
04-09 15:21:44.142: E/ActivityManager(1386): 0.7% 1470/com.amazon.kindle.otter: 0.5% user + 0.1% kernel
04-09 15:21:44.142: E/ActivityManager(1386): 0.5% 3/ksoftirqd/0: 0% user + 0.5% kernel
04-09 15:21:44.142: E/ActivityManager(1386): 0.3% 1386/system_server: 0.3% user + 0% kernel / faults: 11 minor
04-09 15:21:44.142: E/ActivityManager(1386): 0% 791/mmcqd: 0% user + 0% kernel
04-09 15:21:44.142: E/ActivityManager(1386): 0.1% 1512/com.amazon.dcp: 0.1% user + 0% kernel
04-09 15:21:44.142: E/ActivityManager(1386): 0% 3606/com.amazon.email: 0% user + 0% kernel / faults: 5 minor
04-09 15:21:44.142: E/ActivityManager(1386): 3.1% TOTAL: 2% user + 1.1% kernel
04-09 15:21:44.142: E/ActivityManager(1386): CPU usage from 224ms to 738ms later with 99% awake:
04-09 15:21:44.142: E/ActivityManager(1386): 1.9% 1386/system_server: 0% user + 1.9% kernel / faults: 1 minor
04-09 15:21:44.142: E/ActivityManager(1386): 3.9% 1428/InputDispatcher: 0% user + 3.9% kernel
04-09 15:21:44.142: E/ActivityManager(1386): 1.9% TOTAL: 0.9% user + 0.9% kernel
04-09 15:21:44.189: W/ActivityManager(1386): Launch timeout has expired, giving up wake lock!
04-09 15:21:44.493: D/dalvikvm(1386): GC_FOR_MALLOC freed 1085K, 56% free 5686K/12679K, external 4059K/5521K, paused 45ms
04-09 15:21:44.579: D/dalvikvm(1386): GC_CONCURRENT freed 847K, 48% free 6605K/12679K, external 4055K/5064K, paused 2ms+4ms
04-09 15:21:44.650: W/ActivityManager(1386): Activity idle timeout for HistoryRecord{407298a8 com.appcelerator.kitchensinknook/org.appcelerator.titanium.TiActivity}
04-09 15:21:56.595: I/InputDispatcher(1386): Application is not responding: AppWindowToken{409cd4b8 token=HistoryRecord{407298a8 com.appcelerator.kitchensinknook/org.appcelerator.titanium.TiActivity}}. 5002.6ms since event, 5002.4ms since wait started
04-09 15:21:56.595: I/Process(1386): Sending signal. PID: 3683 SIG: 3
04-09 15:21:56.595: I/dalvikvm(3683): threadid=4: reacting to signal 3
04-09 15:21:56.595: I/dalvikvm(3683): Wrote stack traces to '/data/anr/traces.txt'
04-09 15:21:56.595: I/WindowManager(1386): Input event dispatching timed out sending to application AppWindowToken{409cd4b8 token=HistoryRecord{407298a8 com.appcelerator.kitchensinknook/org.appcelerator.titanium.TiActivity}}
04-09 15:21:56.603: I/Process(1386): Sending signal. PID: 1386 SIG: 3
04-09 15:21:56.603: I/dalvikvm(1386): threadid=4: reacting to signal 3
04-09 15:21:56.603: I/dalvikvm(1386): Wrote stack traces to '/data/anr/traces.txt'
04-09 15:21:56.603: I/Process(1386): Sending signal. PID: 1453 SIG: 3
04-09 15:21:56.603: I/dalvikvm(1453): threadid=4: reacting to signal 3
04-09 15:21:56.610: I/dalvikvm(1453): Wrote stack traces to '/data/anr/traces.txt'
04-09 15:21:56.751: D/dalvikvm(1386): GC_EXPLICIT freed 2289K, 57% free 5572K/12679K, external 4055K/5064K, paused 55ms
04-09 15:21:57.282: I/Process(1386): Sending signal. PID: 1470 SIG: 3
04-09 15:21:57.298: I/InputDispatcher(1386): Dropping event because the pointer is not down.
04-09 15:21:57.298: I/InputDispatcher(1386): Dropping event because the pointer is not down.
04-09 15:21:57.298: I/InputDispatcher(1386): Dropping event because the pointer is not down.
04-09 15:21:57.298: I/InputDispatcher(1386): Dropping event because the pointer is not down.
04-09 15:21:57.298: I/InputDispatcher(1386): Dropping event because the pointer is not down.
04-09 15:21:57.298: E/ActivityManager(1386): ANR in com.appcelerator.kitchensinknook (com.appcelerator.kitchensinknook/org.appcelerator.titanium.TiActivity)
04-09 15:21:57.298: E/ActivityManager(1386): Reason: keyDispatchingTimedOut
04-09 15:21:57.298: E/ActivityManager(1386): Load: 0.29 / 0.23 / 0.25
04-09 15:21:57.298: E/ActivityManager(1386): CPU usage from 7010ms to 1957ms ago:
04-09 15:21:57.298: E/ActivityManager(1386): 4.5% 1386/system_server: 3.1% user + 1.3% kernel / faults: 127 minor
04-09 15:21:57.298: E/ActivityManager(1386): 1.5% 1470/com.amazon.kindle.otter: 1.3% user + 0.1% kernel / faults: 1 minor
04-09 15:21:57.298: E/ActivityManager(1386): 0.3% 3/ksoftirqd/0: 0% user + 0.3% kernel
04-09 15:21:57.298: E/ActivityManager(1386): 0.5% 7/events/0: 0% user + 0.5% kernel
04-09 15:21:57.298: E/ActivityManager(1386): 0.5% 1319/pvr_workqueue: 0% user + 0.5% kernel
04-09 15:21:57.298: E/ActivityManager(1386): 0% 679/ilitek_i2c_irq_: 0% user + 0% kernel
04-09 15:21:57.298: E/ActivityManager(1386): 0.1% 1398/pvr_display_syn: 0% user + 0.1% kernel
04-09 15:21:57.298: E/ActivityManager(1386): 0.1% 3683/com.appcelerator.kitchensinknook: 0.1% user + 0% kernel / faults: 1 minor
04-09 15:21:57.298: E/ActivityManager(1386): 4.1% TOTAL: 1.9% user + 1.3% kernel + 0.1% iowait + 0.5% softirq
04-09 15:21:57.298: E/ActivityManager(1386): CPU usage from 160ms to 675ms later:
04-09 15:21:57.298: E/ActivityManager(1386): 3.9% 1386/system_server: 0% user + 3.9% kernel
04-09 15:21:57.298: E/ActivityManager(1386): 1.9% 1428/InputDispatcher: 0% user + 1.9% kernel
04-09 15:21:57.298: E/ActivityManager(1386): 1.9% 1470/com.amazon.kindle.otter: 1.9% user + 0% kernel
04-09 15:21:57.298: E/ActivityManager(1386): 1.9% 1821/pool-6-thread-1: 1.9% user + 0% kernel
04-09 15:21:57.298: E/ActivityManager(1386): 1% TOTAL: 1% user + 0% kernel
04-09 15:21:57.673: D/dalvikvm(1386): GC_FOR_MALLOC freed 1274K, 55% free 5733K/12679K, external 4059K/4797K, paused 45ms
04-09 15:21:57.720: D/dalvikvm(1386): GC_FOR_MALLOC freed 890K, 52% free 6173K/12679K, external 4055K/4797K, paused 40ms
04-09 15:22:05.907: W/Vold(1285): Ignoring unknown switch 'usb_connected'
04-09 15:22:05.915: D/Tethering(1386): sendTetherStateChangedBroadcast 1, 0, 0
04-09 15:22:05.915: D/Tethering(1386): interfaceAdded :usb0
04-09 15:22:05.939: E/Tethering(1386): active iface (usb0) reported as added, ignoring
04-09 15:22:05.939: W/Vold(1285): Ignoring unknown switch 'usb_mass_storage'
04-09 15:22:05.939: D/Vold(1285): USB connected
04-09 15:22:05.939: D/Vold(1285): Share method ums now available
04-09 15:22:05.939: I/StorageNotification(1453): UMS connection changed to true (media state mounted)
04-09 15:22:05.939: I/StorageNotification(1453): In onUsbMassStorageConnectionChangedAsync, POP_UMS_ACTIVITY_ON_CONNECT=true
04-09 15:22:05.939: D/StatusBarService(1453): Notification has fullScreenIntent; sending fullScreenIntent
04-09 15:22:05.946: D/ActivityManager(1386): Starting: Intent { flg=0x10000000 cmp=com.android.systemui/.usb.UsbStorageActivity } from pid -1
04-09 15:22:05.978: D/IconMerger(1453): notification for com.android.systemui (1)
04-09 15:22:05.978: D/IconMerger(1453): sum of notifications: 1
04-09 15:22:06.446: W/ActivityManager(1386): Activity pause timeout for HistoryRecord{407298a8 com.appcelerator.kitchensinknook/org.appcelerator.titanium.TiActivity}
04-09 15:22:06.446: I/ActivityManager(1386): No longer want com.appcelerator.imagescaling (pid 3224): hidden #16
04-09 15:22:06.571: D/dalvikvm(1453): GC_EXTERNAL_ALLOC freed 1189K, 52% free 3506K/7239K, external 3435K/3623K, paused 97ms
04-09 15:22:06.595: D/VoldCmdListener(1285): volume shared /mnt/sdcard ums
04-09 15:22:06.603: I/PackageManager(1386): Updating external media status from mounted to unmounted
04-09 15:22:06.603: I/PackageManager(1386): No secure containers on sdcard
04-09 15:22:06.603: I/LAB126(1453): StatusBarService hears intent. action: com.lab126.intent.TOP_WINDOW_CHANGED
04-09 15:22:06.603: I/LAB126(1453): window changed
04-09 15:22:06.603: I/LAB126(1453): don't set softkey config for 'Starting...' window
04-09 15:22:06.603: D/VoldCmdListener(1285): asec list
04-09 15:22:06.610: D/VoldCmdListener(1285): volume shared /mnt/sdcard ums
04-09 15:22:07.110: D/VoldCmdListener(1285): storage users /mnt/sdcard
04-09 15:22:07.150: I/ActivityManager(1386): Displayed com.android.systemui/.usb.UsbStorageActivity: +709ms (total +32s509ms)
04-09 15:22:07.165: I/LAB126(1453): StatusBarService hears intent. action: com.lab126.intent.TOP_WINDOW_CHANGED
04-09 15:22:07.165: I/LAB126(1453): window changed
04-09 15:22:07.275: W/ActivityManager(1386): Killing processes unmount media at adjustment 7
04-09 15:22:07.275: W/ActivityManager(1386): Killing ProcessRecord{406b7c70 3574:com.cooliris.media/10018} (adj 13): unmount media
04-09 15:22:07.275: W/ActivityManager(1386): Killing ProcessRecord{40775780 3606:com.amazon.email/10019} (adj 8): unmount media
04-09 15:22:07.275: D/VoldCmdListener(1285): storage users /mnt/sdcard
04-09 15:22:07.400: D/VoldCmdListener(1285): storage users /mnt/sdcard
04-09 15:22:07.571: D/dalvikvm(1386): GC_EXPLICIT freed 2497K, 58% free 5405K/12679K, external 4055K/4797K, paused 53ms
04-09 15:22:07.571: I/PackageManager(1386): Updating external media status from unmounted to unmounted
04-09 15:22:07.571: D/VoldCmdListener(1285): volume unmount /mnt/sdcard force
04-09 15:22:07.571: D/Vold(1285): Volume sdcard state changing 4 (Mounted) -> 5 (Unmounting)
04-09 15:22:07.579: I/ActivityManager(1386): Start proc com.cooliris.media for broadcast com.cooliris.media/com.cooliris.cache.BootReceiver: pid=4483 uid=10018 gids={1015, 3003}
04-09 15:22:07.603: V/MediaProvider(2462): Detached volume: external
04-09 15:22:07.610: D/dalvikvm(1288): GC_EXPLICIT freed 12K, 50% free 2709K/5379K, external 847K/1181K, paused 28ms
04-09 15:22:07.634: D/dalvikvm(1288): GC_EXPLICIT freed <1K, 50% free 2709K/5379K, external 847K/1181K, paused 25ms
04-09 15:22:07.642: I/ActivityThread(4483): Pub com.cooliris.picasa.contentprovider: com.cooliris.picasa.PicasaContentProvider
04-09 15:22:07.642: D/ContentProvider(4483): Videos folder exist
04-09 15:22:07.650: D/ContentProvider(4483): Pictures folder exists
04-09 15:22:07.665: D/dalvikvm(1288): GC_EXPLICIT freed <1K, 50% free 2709K/5379K, external 847K/1181K, paused 31ms
04-09 15:22:07.689: I/com.amazon.dcp.metrics.CrashDetectionHelper(4483): Setting up crash detector.
04-09 15:22:07.689: I/BootReceiver(4483): Got intent with action android.intent.action.MEDIA_EJECT
04-09 15:22:08.571: I/Vold(1285): /mnt/secure/staging/.android_secure sucessfully unmounted
04-09 15:22:08.571: I/Vold(1285): /mnt/secure/asec sucessfully unmounted
04-09 15:22:08.689: I/PackageManager(1386): Updating external media status from unmounted to unmounted
04-09 15:22:08.689: I/Vold(1285): /mnt/secure/staging sucessfully unmounted
04-09 15:22:08.689: I/Vold(1285): /mnt/sdcard unmounted sucessfully
04-09 15:22:08.689: D/Vold(1285): Volume sdcard state changing 5 (Unmounting) -> 1 (Idle-Unmounted)
04-09 15:22:08.689: I/StorageNotification(1453): Media state changed from {mounted} -> {unmounted}
04-09 15:22:08.696: D/VoldCmdListener(1285): volume shared /mnt/sdcard ums
04-09 15:22:08.696: D/VoldCmdListener(1285): volume share /mnt/sdcard ums
04-09 15:22:08.696: D/Vold(1285): Volume sdcard state changing 1 (Idle-Unmounted) -> 7 (Shared-Unmounted)
04-09 15:22:08.696: W/MountService(1386): Duplicate state transition (unmounted -> unmounted)
04-09 15:22:08.728: D/Tethering(1386): InitialState.processMessage what=4
04-09 15:22:08.728: D/Tethering(1386): sendTetherStateChangedBroadcast 0, 0, 0
04-09 15:22:08.735: I/StorageNotification(1453): Media state changed from {unmounted} -> {shared}
04-09 15:22:08.743: D/VoldCmdListener(1285): volume share /mnt/sdcard ums
04-09 15:22:08.743: E/MountService(1386): Failed to share/unshare
04-09 15:22:08.743: E/MountService(1386): com.android.server.NativeDaemonConnectorException: Cmd {volume share /mnt/sdcard ums} failed with code 405 : {volume operation failed (Device or resource busy)}
04-09 15:22:08.743: E/MountService(1386): at com.android.server.NativeDaemonConnector.doCommand(NativeDaemonConnector.java:259)
04-09 15:22:08.743: E/MountService(1386): at com.android.server.MountService.doShareUnshareVolume(MountService.java:508)
04-09 15:22:08.743: E/MountService(1386): at com.android.server.MountService.access$200(MountService.java:76)
04-09 15:22:08.743: E/MountService(1386): at com.android.server.MountService$UmsEnableCallBack.handleFinished(MountService.java:309)
04-09 15:22:08.743: E/MountService(1386): at com.android.server.MountService$MountServiceHandler.handleMessage(MountService.java:412)
04-09 15:22:08.743: E/MountService(1386): at android.os.Handler.dispatchMessage(Handler.java:99)
04-09 15:22:08.743: E/MountService(1386): at android.os.Looper.loop(Looper.java:130)
04-09 15:22:08.743: E/MountService(1386): at android.os.HandlerThread.run(HandlerThread.java:60)
04-09 15:22:09.032: D/dalvikvm(1386): GC_FOR_MALLOC freed 983K, 55% free 5788K/12679K, external 4055K/4797K, paused 51ms
04-09 15:22:09.165: D/dalvikvm(1386): GC_CONCURRENT freed 720K, 47% free 6834K/12679K, external 3841K/4797K, paused 2ms+4ms
04-09 15:22:09.259: D/dalvikvm(1386): GC_FOR_MALLOC freed 1785K, 55% free 5730K/12679K, external 3841K/4797K, paused 41ms
04-09 15:22:09.806: I/PackageManager(1386): Updating external media status from unmounted to unmounted
04-09 15:22:09.806: D/VoldCmdListener(1285): volume unshare /mnt/sdcard ums
04-09 15:22:09.806: D/Vold(1285): Volume sdcard state changing 7 (Shared-Unmounted) -> 1 (Idle-Unmounted)
04-09 15:22:09.821: D/Tethering(1386): sendTetherStateChangedBroadcast 1, 0, 0
04-09 15:22:09.821: D/Tethering(1386): interfaceAdded :usb0
04-09 15:22:09.845: I/StorageNotification(1453): Media state changed from {shared} -> {unmounted}
04-09 15:22:09.853: D/VoldCmdListener(1285): volume shared /mnt/sdcard ums
04-09 15:22:09.853: D/VoldCmdListener(1285): volume mount /mnt/sdcard
04-09 15:22:09.853: I/Vold(1285): /dev/block/vold/179:12 being considered for volume sdcard
04-09 15:22:09.853: D/Vold(1285): Volume sdcard state changing 1 (Idle-Unmounted) -> 3 (Checking)
04-09 15:22:09.860: I/StorageNotification(1453): Media state changed from {unmounted} -> {checking}
04-09 15:22:09.939: I//system/bin/fsck_msdos(1285): ** /dev/block/vold/179:12
04-09 15:22:09.939: I//system/bin/fsck_msdos(1285): ** Phase 1 - Read FAT (compare skipped)
04-09 15:22:09.939: I//system/bin/fsck_msdos(1285): Attempting to allocate 10242 KB for FAT
04-09 15:22:10.618: I//system/bin/fsck_msdos(1285): ** Phase 2 - Check Cluster Chains
04-09 15:22:10.814: I//system/bin/fsck_msdos(1285): ** Phase 3 - Checking Directories
04-09 15:22:10.915: I//system/bin/fsck_msdos(1285): ** Phase 4 - Checking for Lost Files
04-09 15:22:11.017: I//system/bin/fsck_msdos(1285): Next free cluster in FSInfo block (9161) not free
04-09 15:22:11.017: I//system/bin/fsck_msdos(1285): FIXED
04-09 15:22:11.017: I//system/bin/fsck_msdos(1285): 789 files, 1010814 free (2602559 clusters)
04-09 15:22:11.040: I/Vold(1285): Filesystem check completed OK
04-09 15:22:11.048: I/PackageManager(1386): Updating external media status from unmounted to mounted
04-09 15:22:11.048: I/Vold(1285): Device /dev/block/vold/179:12, target /mnt/sdcard mounted @ /mnt/secure/staging
04-09 15:22:11.048: D/Vold(1285): Volume sdcard state changing 3 (Checking) -> 4 (Mounted)
04-09 15:22:11.048: I/StorageNotification(1453): Media state changed from {checking} -> {mounted}
04-09 15:22:11.056: D/VoldCmdListener(1285): asec list
04-09 15:22:11.064: I/BootReceiver(4483): Got intent with action android.intent.action.MEDIA_MOUNTED
04-09 15:22:11.103: I/PackageManager(1386): No secure containers on sdcard
04-09 15:22:11.103: W/PackageManager(1386): Not granting permission com.amazon.dcp.metrics.permission.METRICS_PERMISSION to package com.imdb.mobile (protectionLevel=2 flags=0x8be45)
04-09 15:22:11.103: W/PackageManager(1386): Unknown permission com.google.android.googleapps.permission.GOOGLE_AUTH.mail in package com.android.contacts
04-09 15:22:11.110: W/PackageManager(1386): Unknown permission android.permission.DEVICE_ADMIN in package com.lab126.otter
04-09 15:22:11.110: W/PackageManager(1386): Unknown permission com.google.android.googleapps.permission.GOOGLE_AUTH in package com.android.providers.calendar
04-09 15:22:11.110: W/PackageManager(1386): Unknown permission com.google.android.googleapps.permission.GOOGLE_AUTH.cl in package com.android.providers.calendar
04-09 15:22:11.110: W/PackageManager(1386): Unknown permission org.thialfihar.android.apg.permission.READ_KEY_DETAILS in package com.amazon.email
04-09 15:22:11.110: W/PackageManager(1386): Not granting permission com.amazon.dcp.metrics.permission.METRICS_PERMISSION to package com.cooliris.media (protectionLevel=2 flags=0x8bc45)
04-09 15:22:11.126: W/PackageManager(1386): Unknown permission com.google.android.googleapps.permission.GOOGLE_AUTH in package com.android.providers.contacts
04-09 15:22:11.126: W/PackageManager(1386): Unknown permission com.google.android.googleapps.permission.GOOGLE_AUTH.cp in package com.android.providers.contacts
04-09 15:22:11.126: W/PackageManager(1386): Unknown permission com.google.android.gm.permission.WRITE_GMAIL in package com.android.settings
04-09 15:22:11.126: W/PackageManager(1386): Unknown permission com.google.android.gm.permission.READ_GMAIL in package com.android.settings
04-09 15:22:11.134: W/PackageManager(1386): Unknown permission com.google.android.googleapps.permission.GOOGLE_AUTH in package com.android.settings
04-09 15:22:11.134: W/PackageManager(1386): Unknown permission com.android.launcher.permission.READ_SETTINGS in package com.android.settings
04-09 15:22:11.165: D/MediaScannerService(2462): start scanning volume external
04-09 15:22:11.196: W/PackageManager(1386): Unknown permission com.android.launcher.permission.WRITE_SETTINGS in package com.android.settings
04-09 15:22:11.204: W/PackageManager(1386): Unknown permission com.android.launcher.permission.INSTALL_SHORTCUT in package com.amazon.cloud9
04-09 15:22:11.212: W/PackageManager(1386): Unknown permission android.webkit.permission.PLUGIN in package com.adobe.flashplayer
04-09 15:22:11.212: W/PackageManager(1386): Unknown permission com.google.android.providers.gmail.permission.WRITE_GMAIL in package com.qo.android.oemvc
04-09 15:22:11.212: W/PackageManager(1386): Unknown permission com.google.android.providers.gmail.permission.READ_GMAIL in package com.qo.android.oemvc
04-09 15:22:11.212: W/PackageManager(1386): Unknown permission com.google.android.gm.permission.READ_GMAIL in package com.qo.android.oemvc
04-09 15:22:11.220: W/PackageManager(1386): Unknown permission com.google.android.gm.permission.WRITE_GMAIL in package com.qo.android.oemvc
04-09 15:22:11.220: W/PackageManager(1386): Unknown permission android.permission.READ_OWNER_DATA in package com.qo.android.oemvc
04-09 15:22:11.220: W/PackageManager(1386): Unknown permission com.android.email.permission.ACCESS_PROVIDER in package com.qo.android.oemvc
04-09 15:22:11.259: W/PackageManager(1386): Unknown permission com.android.launcher.permission.INSTALL_SHORTCUT in package com.estrongs.android.pop
04-09 15:22:11.259: W/PackageManager(1386): Unknown permission com.android.launcher.permission.UNINSTALL_SHORTCUT in package com.estrongs.android.pop
04-09 15:22:11.259: W/PackageManager(1386): Unknown permission com.estrongs.android.pop.PERMISSION in package com.estrongs.android.pop
04-09 15:22:11.259: W/PackageManager(1386): Not granting permission com.amazon.dcp.metrics.permission.METRICS_PERMISSION to package com.alphonso.pulse (protectionLevel=2 flags=0x8be45)
04-09 15:22:11.360: D/dalvikvm(1386): GC_CONCURRENT freed 2027K, 58% free 5408K/12679K, external 3841K/4797K, paused 3ms+4ms
04-09 15:22:11.485: D/dalvikvm(1386): GC_FOR_MALLOC freed 812K, 55% free 5785K/12679K, external 3841K/4797K, paused 50ms
04-09 15:22:11.525: I/ActivityManager(1386): Start proc com.amazon.email for broadcast com.amazon.email/.service.StorageReceiver: pid=4514 uid=10019 gids={3003, 1015}
04-09 15:22:11.556: V/MediaProvider(2462): /mnt/sdcard volume ID: 252718362
04-09 15:22:11.564: V/MediaProvider(2462): Attached volume: external
04-09 15:22:11.579: I/ActivityThread(4514): Pub com.amazon.email.messageprovider: com.amazon.email.provider.MessageProvider
04-09 15:22:11.626: D/ContentProvider(4514): Videos folder exist
04-09 15:22:11.626: D/ContentProvider(4514): Pictures folder exists
04-09 15:22:11.634: I/ActivityThread(4514): Pub com.amazon.email.attachmentprovider: com.amazon.email.provider.AttachmentProvider
04-09 15:22:11.634: D/ContentProvider(4514): Videos folder exist
04-09 15:22:11.634: D/ContentProvider(4514): Pictures folder exists
04-09 15:22:11.634: I/com.amazon.dcp.metrics.CrashDetectionHelper(4514): Setting up crash detector.
04-09 15:22:11.642: I/AmazonEmail(4514): Loading preferences from DB into Storage
04-09 15:22:11.657: I/AmazonEmail(4514): Preferences load took 15ms
04-09 15:22:11.673: I/AmazonEmail(4514): Registered: unmount receiver
04-09 15:22:11.673: I/AmazonEmail(4514): Registered: shutdown receiver
04-09 15:22:11.681: D/MediaScanner(2462): found .nomedia, skipping directory
04-09 15:22:11.681: V/AmazonEmail(4514): Registering content resolver notifier
04-09 15:22:11.681: I/AmazonEmail(4514): storage path "/mnt/sdcard" mounted readOnly=false
04-09 15:22:11.689: I/MailService(4514): connected: network state is CONNECTED, is available is true
04-09 15:22:11.696: I/MailService(4514): connected: AutoSync help is available, autoSync = true
04-09 15:22:11.696: V/DeviceStorageMonitorService(1386): mTotalMemory is 11734999
04-09 15:22:11.704: I/MailService(4514): connected: wifi -69
04-09 15:22:11.704: I/MailService(4514): connected: final hasConnectivity is true
04-09 15:22:11.704: I/MailService(4514): MailService.onStart(Intent { act=com.amazon.email.intent.action.MAIL_SERVICE_RESET cmp=com.amazon.email/.service.MailService (has extras) }, 1), hasConnectivity = true, doBackground = true
04-09 15:22:11.712: I/MailService(4514): connected: network state is CONNECTED, is available is true
04-09 15:22:11.712: I/MailService(4514): connected: AutoSync help is available, autoSync = true
04-09 15:22:11.720: I/MailService(4514): connected: wifi -69
04-09 15:22:11.720: I/MailService(4514): connected: final hasConnectivity is true
04-09 15:22:11.720: I/MailService(4514): MailService.onStart(Intent { act=com.amazon.email.intent.action.MAIL_SERVICE_RESET cmp=com.amazon.email/.service.MailService (has extras) }, 2), hasConnectivity = true, doBackground = true
04-09 15:22:11.720: I/MailService(4514): connected: network state is CONNECTED, is available is true
04-09 15:22:11.720: I/MailService(4514): connected: AutoSync help is available, autoSync = true
04-09 15:22:11.728: I/MailService(4514): connected: wifi -69
04-09 15:22:11.728: I/MailService(4514): connected: final hasConnectivity is true
04-09 15:22:11.728: I/MailService(4514): MailService.onStart(Intent { act=com.amazon.email.intent.action.MAIL_SERVICE_CONNECTIVITY_CHANGE cmp=com.amazon.email/.service.MailService }, 3), hasConnectivity = true, doBackground = true
04-09 15:22:11.735: D/IconMerger(1453): notification for com.android.systemui (1)
04-09 15:22:11.735: D/IconMerger(1453): sum of notifications: 1
04-09 15:22:11.892: I/dalvikvm(4514): Total arena pages for JIT: 11
04-09 15:22:11.892: E/AmazonEmail(4514): isKeyInvalid: key is valid.
04-09 15:22:12.056: D/dalvikvm(4514): GC_CONCURRENT freed 457K, 49% free 3013K/5895K, external 847K/1181K, paused 5ms+2ms
04-09 15:22:12.087: D/MediaScanner(2462): found .nomedia, skipping directory
04-09 15:22:12.126: D/MediaScanner(2462): prescan time: 17ms
04-09 15:22:12.126: D/MediaScanner(2462): scan time: 543ms
04-09 15:22:12.126: D/MediaScanner(2462): postscan time: 0ms
04-09 15:22:12.126: D/MediaScanner(2462): total time: 560ms
04-09 15:22:12.126: I/BootReceiver(4483): Got intent with action android.intent.action.MEDIA_SCANNER_FINISHED
04-09 15:22:12.134: D/MediaScannerService(2462): done scanning volume external
04-09 15:22:13.634: D/skia(4483): Loading ARM decoder...
04-09 15:22:13.673: D/dalvikvm(4483): GC_EXTERNAL_ALLOC freed 402K, 51% free 2824K/5703K, external 1181K/1181K, paused 27ms
04-09 15:22:13.673: D/skia(4483): Loading ARM encoder...
04-09 15:22:13.689: D/skia(4483): Loading ARM decoder...
04-09 15:22:13.696: D/skia(4483): Loading ARM encoder...
04-09 15:22:13.720: D/skia(4483): Loading ARM decoder...
04-09 15:22:13.728: D/skia(4483): Loading ARM encoder...
04-09 15:22:13.743: D/skia(4483): Loading ARM decoder...
04-09 15:22:13.759: D/skia(4483): Loading ARM encoder...
04-09 15:22:18.392: D/dalvikvm(1386): GC_CONCURRENT freed 2034K, 58% free 5366K/12679K, external 3841K/4797K, paused 7ms+58ms
04-09 15:22:19.806: W/ActivityManager(1386): Launch timeout has expired, giving up wake lock!
04-09 15:22:19.837: W/ActivityManager(1386): Activity idle timeout for HistoryRecord{407298a8 com.appcelerator.kitchensinknook/org.appcelerator.titanium.TiActivity}
04-09 15:22:26.001: D/dalvikvm(1386): GC_CONCURRENT freed 1598K, 58% free 5394K/12679K, external 3841K/4797K, paused 2ms+4ms
04-09 15:22:26.126: D/dalvikvm(1386): GC_CONCURRENT freed 1639K, 58% free 5392K/12679K, external 3841K/4797K, paused 2ms+4ms
04-09 15:22:26.259: D/dalvikvm(1386): GC_CONCURRENT freed 1605K, 58% free 5425K/12679K, external 3841K/4797K, paused 3ms+4ms
04-09 15:22:26.392: D/dalvikvm(1386): GC_CONCURRENT freed 1680K, 58% free 5391K/12679K, external 3841K/4797K, paused 2ms+4ms
04-09 15:22:26.517: D/dalvikvm(1386): GC_CONCURRENT freed 1637K, 58% free 5391K/12679K, external 3841K/4797K, paused 3ms+3ms
04-09 15:22:26.665: D/dalvikvm(1386): GC_CONCURRENT freed 1604K, 58% free 5424K/12679K, external 3841K/4797K, paused 2ms+3ms
04-09 15:22:26.806: D/dalvikvm(1386): GC_CONCURRENT freed 1662K, 58% free 5399K/12679K, external 3841K/4797K, paused 2ms+3ms
04-09 15:22:27.040: D/dalvikvm(1386): GC_CONCURRENT freed 1627K, 58% free 5412K/12679K, external 3841K/4797K, paused 6ms+10ms
04-09 15:22:27.228: D/dalvikvm(1386): GC_CONCURRENT freed 1658K, 58% free 5393K/12679K, external 3841K/4797K, paused 7ms+11ms
04-09 15:22:27.392: D/dalvikvm(1386): GC_CONCURRENT freed 1625K, 58% free 5393K/12679K, external 3841K/4797K, paused 7ms+11ms
04-09 15:22:39.876: D/dalvikvm(1918): GC_EXPLICIT freed 29K, 48% free 2910K/5511K, external 847K/1181K, paused 30ms
04-09 15:22:44.892: D/dalvikvm(2462): GC_EXPLICIT freed 100K, 49% free 2883K/5575K, external 847K/1181K, paused 32ms
04-09 15:23:11.704: V/DeviceStorageMonitorService(1386): mTotalMemory is 11734999
04-09 15:23:27.634: D/dalvikvm(1386): GC_CONCURRENT freed 1608K, 58% free 5424K/12679K, external 3841K/4797K, paused 6ms+12ms
04-09 15:23:27.915: D/dalvikvm(1386): GC_CONCURRENT freed 1701K, 58% free 5368K/12679K, external 3841K/4797K, paused 7ms+10ms
04-09 15:23:28.282: D/dalvikvm(1386): GC_CONCURRENT freed 1650K, 58% free 5339K/12679K, external 3841K/4797K, paused 6ms+9ms
04-09 15:23:28.556: D/dalvikvm(1386): GC_CONCURRENT freed 1600K, 58% free 5363K/12679K, external 3841K/4797K, paused 2ms+3ms
04-09 15:23:28.681: D/dalvikvm(1386): GC_CONCURRENT freed 1631K, 58% free 5363K/12679K, external 3841K/4797K, paused 2ms+4ms
04-09 15:23:28.814: D/dalvikvm(1386): GC_CONCURRENT freed 1632K, 58% free 5357K/12679K, external 3841K/4797K, paused 2ms+4ms
04-09 15:23:28.946: D/dalvikvm(1386): GC_CONCURRENT freed 1625K, 58% free 5356K/12679K, external 3841K/4797K, paused 2ms+4ms
04-09 15:23:29.064: D/dalvikvm(1386): GC_CONCURRENT freed 1601K, 58% free 5383K/12679K, external 3841K/4797K, paused 2ms+4ms
04-09 15:23:29.165: D/dalvikvm(1386): GC_CONCURRENT freed 1662K, 58% free 5351K/12679K, external 3841K/4797K, paused 2ms+4ms
04-09 15:23:29.243: D/dalvikvm(1386): GC_CONCURRENT freed 1617K, 58% free 5350K/12679K, external 3841K/4797K, paused 2ms+4ms
04-09 15:23:29.321: D/dalvikvm(1386): GC_CONCURRENT freed 1602K, 58% free 5343K/12679K, external 3841K/4797K, paused 2ms+3ms